{"id":1047,"date":"2021-01-10T20:38:10","date_gmt":"2021-01-10T20:38:10","guid":{"rendered":"https:\/\/www.beasturismo.es\/?page_id=1047"},"modified":"2021-01-25T12:03:46","modified_gmt":"2021-01-25T12:03:46","slug":"casa-consistorial-ayto-de-beas-s-xix","status":"publish","type":"page","link":"https:\/\/www.beasturismo.es\/?page_id=1047","title":{"rendered":"Casa Consistorial \/ Ayto de Beas [S.XIX]"},"content":{"rendered":"<p><img decoding=\"async\" width=\"512\" height=\"341\" src=\"https:\/\/www.beasturismo.es\/wp-content\/uploads\/2020\/08\/AYTO-DE-BEAS-1.jpg\" alt=\"\" loading=\"lazy\" srcset=\"https:\/\/www.beasturismo.es\/wp-content\/uploads\/2020\/08\/AYTO-DE-BEAS-1.jpg 512w, https:\/\/www.beasturismo.es\/wp-content\/uploads\/2020\/08\/AYTO-DE-BEAS-1-300x200.jpg 300w\" sizes=\"auto, (max-width: 512px) 100vw, 512px\" \/>\t\t\t\t\t\t\t\t\t\t\t<\/p>\n<p>Este edificio del a\u00f1o 1881 es obra del arquitecto Manuel P\u00e9rez Gonz\u00e1lez, de <strong>estilo neocl\u00e1sico<\/strong> en dos plantas, rematado por un torre\u00f3n donde se alberga un reloj con campana.<\/p>\n<p>HORARIO:\u00a0 \u00a0 \u00a009:00h &#8211; 13.30h de L-V<br \/>TLFNO:\u00a0 \u00a0 \u00a0 \u00a0 \u00a0 959 308 119<br \/>FAX:\u00a0 \u00a0 \u00a0 \u00a0 \u00a0 \u00a0 \u00a0 \u00a0 959 308 353<br \/>E-MAIL:\u00a0 \u00a0 \u00a0 \u00a0 \u00a0 sac@aytobeas.es<\/p>\n","protected":false},"excerpt":{"rendered":"<p>Este edificio del a\u00f1o 1881 es obra del arquitecto Manuel P\u00e9rez Gonz\u00e1lez, de estilo neocl\u00e1sico [&hellip;]<\/p>\n","protected":false},"author":2,"featured_media":0,"parent":0,"menu_order":0,"comment_status":"closed","ping_status":"closed","template":"","meta":{"footnotes":""},"class_list":["post-1047","page","type-page","status-publish","hentry"],"jetpack_sharing_enabled":true,"_links":{"self":[{"href":"https:\/\/www.beasturismo.es\/index.php?rest_route=\/wp\/v2\/pages\/1047","targetHints":{"allow":["GET"]}}],"collection":[{"href":"https:\/\/www.beasturismo.es\/index.php?rest_route=\/wp\/v2\/pages"}],"about":[{"href":"https:\/\/www.beasturismo.es\/index.php?rest_route=\/wp\/v2\/types\/page"}],"author":[{"embeddable":true,"href":"https:\/\/www.beasturismo.es\/index.php?rest_route=\/wp\/v2\/users\/2"}],"replies":[{"embeddable":true,"href":"https:\/\/www.beasturismo.es\/index.php?rest_route=%2Fwp%2Fv2%2Fcomments&post=1047"}],"version-history":[{"count":4,"href":"https:\/\/www.beasturismo.es\/index.php?rest_route=\/wp\/v2\/pages\/1047\/revisions"}],"predecessor-version":[{"id":1052,"href":"https:\/\/www.beasturismo.es\/index.php?rest_route=\/wp\/v2\/pages\/1047\/revisions\/1052"}],"wp:attachment":[{"href":"https:\/\/www.beasturismo.es\/index.php?rest_route=%2Fwp%2Fv2%2Fmedia&parent=1047"}],"curies":[{"name":"wp","href":"https:\/\/api.w.org\/{rel}","templated":true}]}}