{"id":113,"date":"2020-07-07T11:40:13","date_gmt":"2020-07-07T11:40:13","guid":{"rendered":"https:\/\/www.beasturismo.es\/?page_id=113"},"modified":"2020-08-31T11:46:56","modified_gmt":"2020-08-31T11:46:56","slug":"semana-santa","status":"publish","type":"page","link":"https:\/\/www.beasturismo.es\/?page_id=113","title":{"rendered":"Semana Santa"},"content":{"rendered":"\n<div class=\"wp-block-media-text alignwide is-stacked-on-mobile\" style=\"grid-template-columns:48% auto\"><figure class=\"wp-block-media-text__media\"><img loading=\"lazy\" decoding=\"async\" width=\"1024\" height=\"610\" src=\"https:\/\/www.beasturismo.es\/wp-content\/uploads\/2020\/08\/semana-santa-beas-huelva-madrug\u00e1-2014-1-1024x610.jpg\" alt=\"\" class=\"wp-image-787\" srcset=\"https:\/\/www.beasturismo.es\/wp-content\/uploads\/2020\/08\/semana-santa-beas-huelva-madrug\u00e1-2014-1-1024x610.jpg 1024w, https:\/\/www.beasturismo.es\/wp-content\/uploads\/2020\/08\/semana-santa-beas-huelva-madrug\u00e1-2014-1-300x179.jpg 300w, https:\/\/www.beasturismo.es\/wp-content\/uploads\/2020\/08\/semana-santa-beas-huelva-madrug\u00e1-2014-1-768x457.jpg 768w, https:\/\/www.beasturismo.es\/wp-content\/uploads\/2020\/08\/semana-santa-beas-huelva-madrug\u00e1-2014-1.jpg 1209w\" sizes=\"auto, (max-width: 1024px) 100vw, 1024px\" \/><\/figure><div class=\"wp-block-media-text__content\">\n<div class=\"wp-block-buttons aligncenter is-layout-flex wp-block-buttons-is-layout-flex\">\n<div class=\"wp-block-button is-style-outline is-style-outline--1\"><a class=\"wp-block-button__link\" href=\"https:\/\/www.beasturismo.es\/?page_id=306\">Hermandades<\/a><\/div>\n<\/div>\n\n\n\n<p><br>La\u00a0Semana Santa\u00a0 se celebra con la salida a la calle de procesiones organizadas por hermandades o cofrad\u00edas. Las manifestaciones de fe est\u00e1n influidas por la tradici\u00f3n y las costumbres del pueblo.<\/p>\n\n\n\n<p>La Semana Santa coincide con la \u00faltima semana de Cuaresma del calendario cat\u00f3lico. Est\u00e1 situada entre el Domingo de Ramos\u00a0y el Domingo de Resurrecci\u00f3n. \u200bLa procesi\u00f3n hasta el S\u00e1bado Santo recibe el nombre de estaci\u00f3n de penitencia. Las procesiones que tienen lugar el Domingo de Resurrecci\u00f3n no son de penitencia, sino de gloria.<\/p>\n<\/div><\/div>\n\n\n\n<p><\/p>\n\n\n\n<p class=\"has-text-align-left\"><strong>HORARIO DE CULTOS:<\/strong><\/p>\n\n\n\n<p><strong><span style=\"color:#585c5e\" class=\"has-inline-color\">Domingo de Ramos<\/span><\/strong>       585c5e<br><br>     12.00h &#8211; Santa Misa<br>     18.00h &#8211; Traslado de nuestro Padre Jes\u00fas de la Amargura a la Residencia  de ancianos.<br><br><strong><span style=\"color:#585c5e\" class=\"has-inline-color\">Lunes Santo<\/span><\/strong><br><br>     19.30 h &#8211; Confesiones<br>     20.30 h &#8211; Celebraci\u00f3n de la palabra<br><br><strong><span style=\"color:#585c5e\" class=\"has-inline-color\">Martes Santo<\/span><\/strong><br><br>     19.30 h &#8211; Confesiones<br>     20.30 h &#8211; Eucarist\u00eda<br><br><strong><span style=\"color:#585c5e\" class=\"has-inline-color\">Mi\u00e9rcoles Santo<\/span><\/strong><br><br>     20.30 h &#8211; Eucarist\u00eda<br>     21.00 h &#8211; Estaci\u00f3n de Penitencia Stmo Cristo de la Sangre<br><br><strong><span style=\"color:#585c5e\" class=\"has-inline-color\">Jueves Santo<\/span><\/strong><br><br>     18.00 h &#8211; Oficios de la Santa Cena del Se\u00f1or<br>     20.30 h &#8211; Estaci\u00f3n de Penitencia N.P. Jes\u00fas Cautivo y Rescatado y Mar\u00eda Sant\u00edsima del Amor<br>     22.30 h &#8211; Hora Santa<br><br><strong><span style=\"color:#585c5e\" class=\"has-inline-color\">Viernes Santo<\/span><\/strong><br><br>     07.30 h &#8211; Estaci\u00f3n de Penitencia N.P. Jes\u00fas de la Amargura y Mar\u00eda Sant\u00edsima de los Dolores<br>     18.00 h &#8211; Oficios de la Pasi\u00f3n y Muerte del Se\u00f1or<br>     22.00 h &#8211; Estaci\u00f3n de Penitencia del Santo Entierro de Cristo<br><br><strong><span style=\"color:#585c5e\" class=\"has-inline-color\">S\u00e1bado Santo<\/span><\/strong><br><br>     22.00 h &#8211; Santa Vigilia Pascual<br><br><strong><span style=\"color:#585c5e\" class=\"has-inline-color\">Domingo de Resurrecci\u00f3n<\/span><\/strong><br><br>     11.00 h &#8211; Santa Misa<br>     12.00 h &#8211; Procesi\u00f3n del Sant\u00edsimo Cristo Resucitado<\/p>\n\n\n\n<p><\/p>\n\n\n\n<p><\/p>\n\n\n\n<p><br>     <\/p>\n","protected":false},"excerpt":{"rendered":"<p>HORARIO DE CULTOS: Domingo de Ramos 585c5e 12.00h &#8211; Santa Misa 18.00h &#8211; Traslado de [&hellip;]<\/p>\n","protected":false},"author":2,"featured_media":0,"parent":0,"menu_order":0,"comment_status":"closed","ping_status":"closed","template":"","meta":{"footnotes":""},"class_list":["post-113","page","type-page","status-publish","hentry"],"jetpack_sharing_enabled":true,"_links":{"self":[{"href":"https:\/\/www.beasturismo.es\/index.php?rest_route=\/wp\/v2\/pages\/113","targetHints":{"allow":["GET"]}}],"collection":[{"href":"https:\/\/www.beasturismo.es\/index.php?rest_route=\/wp\/v2\/pages"}],"about":[{"href":"https:\/\/www.beasturismo.es\/index.php?rest_route=\/wp\/v2\/types\/page"}],"author":[{"embeddable":true,"href":"https:\/\/www.beasturismo.es\/index.php?rest_route=\/wp\/v2\/users\/2"}],"replies":[{"embeddable":true,"href":"https:\/\/www.beasturismo.es\/index.php?rest_route=%2Fwp%2Fv2%2Fcomments&post=113"}],"version-history":[{"count":3,"href":"https:\/\/www.beasturismo.es\/index.php?rest_route=\/wp\/v2\/pages\/113\/revisions"}],"predecessor-version":[{"id":794,"href":"https:\/\/www.beasturismo.es\/index.php?rest_route=\/wp\/v2\/pages\/113\/revisions\/794"}],"wp:attachment":[{"href":"https:\/\/www.beasturismo.es\/index.php?rest_route=%2Fwp%2Fv2%2Fmedia&parent=113"}],"curies":[{"name":"wp","href":"https:\/\/api.w.org\/{rel}","templated":true}]}}