{"id":1239,"date":"2021-01-12T10:40:25","date_gmt":"2021-01-12T10:40:25","guid":{"rendered":"https:\/\/www.beasturismo.es\/?page_id=1239"},"modified":"2021-01-25T12:03:32","modified_gmt":"2021-01-25T12:03:32","slug":"asociacion-de-la-vera-cruz","status":"publish","type":"page","link":"https:\/\/www.beasturismo.es\/?page_id=1239","title":{"rendered":"Asociaci\u00f3n de la Vera+Cruz"},"content":{"rendered":"<p><strong>Salida:<\/strong> Mi\u00e9rcoles Santo en Via+Crucis.<\/p>\n<p><strong>Imagen: <\/strong>S. XVI.\u00a0 \u00a0 \u00a0 \u00a0 \u00a0 \u00a0 \u00a0 \u00a0 \u00a0 \u00a0 \u00a0 \u00a0 \u00a0 \u00a0 \u00a0 <strong style=\"color: #000000; font-family: var( --e-global-typography-text-font-family ), Sans-serif; font-size: 1rem;\">Paso:<\/strong> en hombros (sin paso) y en silencio.\u00a0 \u00a0 \u00a0 \u00a0 \u00a0 \u00a0 \u00a0 \u00a0 \u00a0 \u00a0 \u00a0 \u00a0 \u00a0 \u00a0 \u00a0 \u00a0 <strong>Curiosidades:<\/strong> No lleva penitentes.<\/p>\n<p>Hermandad de Silencio. Sale del templo al toque de agon\u00eda y lleva un acompa\u00f1amiento de tr\u00edo de capillas para darle m\u00e1s recogimiento a la estaci\u00f3n de penitencia.<\/p>\n<p style=\"font-weight: 400;\">Su origen se remonta a finales del siglo XVIII, cuando la hermandad del Cristo de la sangre se fusiona con la hermandad de la Soledad. Y de ah\u00ed el posible nombre a nuestra\u00a0 futura titular Soledad de Mar\u00eda, quedando fijado el nombre de asociaci\u00f3n como del Sant\u00edsimo Cristo de la sangre y Soledad de Mar\u00eda, antigua hermandad de la Veracruz; desaparecida hac\u00eda a\u00f1os.<\/p>\n<p style=\"font-weight: 400;\">Y as\u00ed en el a\u00f1o 2006, algunos miembros de la hermandad de Nuestro Padre Jes\u00fas Cautivo, que terminaban su mandato, deciden para engrandecer con un d\u00eda m\u00e1s nuestra Semana Santa, rescatar la antigua hermandad del Cristo de la Sangre, (Crucificado) que preside el Altar Mayor de la Parroquia de San Bartolom\u00e9. La imagen del Cristo es del siglo XVI es atribuida al escultor Roque Balduque, artista de los Pa\u00edses Bajos; Es de finales del renacimiento y nos muestra a un Cristo muerto en la cruz; siendo una\u00a0 de las im\u00e1genes m\u00e1s antiguas de la provincia y de Andaluc\u00eda.<\/p>\n<p>En el 2009 los estatutos de nuestra asociaci\u00f3n fueron aprobados por el obispado de Huelva y tras una espera de tres a\u00f1os (2006 al 2009) el Cristo puedo hacer su primera estaci\u00f3n de penitencia el Mi\u00e9rcoles Santo.<\/p>\n","protected":false},"excerpt":{"rendered":"<p>Salida: Mi\u00e9rcoles Santo en Via+Crucis. Imagen: S. XVI.\u00a0 \u00a0 \u00a0 \u00a0 \u00a0 \u00a0 \u00a0 \u00a0 [&hellip;]<\/p>\n","protected":false},"author":2,"featured_media":0,"parent":0,"menu_order":0,"comment_status":"closed","ping_status":"closed","template":"","meta":{"footnotes":""},"class_list":["post-1239","page","type-page","status-publish","hentry"],"jetpack_sharing_enabled":true,"_links":{"self":[{"href":"https:\/\/www.beasturismo.es\/index.php?rest_route=\/wp\/v2\/pages\/1239","targetHints":{"allow":["GET"]}}],"collection":[{"href":"https:\/\/www.beasturismo.es\/index.php?rest_route=\/wp\/v2\/pages"}],"about":[{"href":"https:\/\/www.beasturismo.es\/index.php?rest_route=\/wp\/v2\/types\/page"}],"author":[{"embeddable":true,"href":"https:\/\/www.beasturismo.es\/index.php?rest_route=\/wp\/v2\/users\/2"}],"replies":[{"embeddable":true,"href":"https:\/\/www.beasturismo.es\/index.php?rest_route=%2Fwp%2Fv2%2Fcomments&post=1239"}],"version-history":[{"count":11,"href":"https:\/\/www.beasturismo.es\/index.php?rest_route=\/wp\/v2\/pages\/1239\/revisions"}],"predecessor-version":[{"id":1257,"href":"https:\/\/www.beasturismo.es\/index.php?rest_route=\/wp\/v2\/pages\/1239\/revisions\/1257"}],"wp:attachment":[{"href":"https:\/\/www.beasturismo.es\/index.php?rest_route=%2Fwp%2Fv2%2Fmedia&parent=1239"}],"curies":[{"name":"wp","href":"https:\/\/api.w.org\/{rel}","templated":true}]}}

Asociación de la Vera+Cruz

<p><strong>Salida:</strong> Miércoles Santo en Via+Crucis.</p>
<p><strong>Imagen: </strong>S. XVI.                              <strong style="color: #000000; font-family: var( --e-global-typography-text-font-family ), Sans-serif; font-size: 1rem;">Paso:</strong> en hombros (sin paso) y en silencio.                                <strong>Curiosidades:</strong> No lleva penitentes.</p>
<p>Hermandad de Silencio. Sale del templo al toque de agonía y lleva un acompañamiento de trío de capillas para darle más recogimiento a la estación de penitencia.</p>
<p style="font-weight: 400;">Su origen se remonta a finales del siglo XVIII, cuando la hermandad del Cristo de la sangre se fusiona con la hermandad de la Soledad. Y de ahí el posible nombre a nuestra  futura titular Soledad de María, quedando fijado el nombre de asociación como del Santísimo Cristo de la sangre y Soledad de María, antigua hermandad de la Veracruz; desaparecida hacía años.</p>
<p style="font-weight: 400;">Y así en el año 2006, algunos miembros de la hermandad de Nuestro Padre Jesús Cautivo, que terminaban su mandato, deciden para engrandecer con un día más nuestra Semana Santa, rescatar la antigua hermandad del Cristo de la Sangre, (Crucificado) que preside el Altar Mayor de la Parroquia de San Bartolomé. La imagen del Cristo es del siglo XVI es atribuida al escultor Roque Balduque, artista de los Países Bajos; Es de finales del renacimiento y nos muestra a un Cristo muerto en la cruz; siendo una  de las imágenes más antiguas de la provincia y de Andalucía.</p>
<p>En el 2009 los estatutos de nuestra asociación fueron aprobados por el obispado de Huelva y tras una espera de tres años (2006 al 2009) el Cristo puedo hacer su primera estación de penitencia el Miércoles Santo.</p>

<p>Salida: Miércoles Santo en Via+Crucis. Imagen: S. XVI.                [&hellip;]</p>
