{"id":1282,"date":"2021-01-12T11:38:25","date_gmt":"2021-01-12T11:38:25","guid":{"rendered":"https:\/\/www.beasturismo.es\/?page_id=1282"},"modified":"2021-01-25T12:05:35","modified_gmt":"2021-01-25T12:05:35","slug":"hermandad-ntra-sra-la-virgen-de-los-clarines","status":"publish","type":"page","link":"https:\/\/www.beasturismo.es\/?page_id=1282","title":{"rendered":"Ntra Sra La Virgen de los Clarines"},"content":{"rendered":"<p><img decoding=\"async\" width=\"720\" height=\"960\" src=\"https:\/\/www.beasturismo.es\/wp-content\/uploads\/2021\/01\/Ntra-Sra-de-los-Clarines.jpg\" alt=\"\" loading=\"lazy\" srcset=\"https:\/\/www.beasturismo.es\/wp-content\/uploads\/2021\/01\/Ntra-Sra-de-los-Clarines.jpg 720w, https:\/\/www.beasturismo.es\/wp-content\/uploads\/2021\/01\/Ntra-Sra-de-los-Clarines-225x300.jpg 225w\" sizes=\"auto, (max-width: 720px) 100vw, 720px\" \/>\t\t\t\t\t\t\t\t\t\t\t<\/p>\n<p><strong>Leyenda de la Aparici\u00f3n Virgen de los Clarines<\/strong><\/p>\n<p>Cada ciudad, cada uno de nuestros pueblos, cada aldea, tiene una historia, una leyenda que se ha ido transmitiendo de padres a hijos a lo largo de los siglos. En Beas, la leyenda m\u00e1s trascendente es la de la aparici\u00f3n de la Virgen de los Clarines, hoy en d\u00eda Patrona del pueblo de Beas. Es en el a\u00f1o 1714, cuando es recogida por escrito por primera vez por Fray Felipe de Santiago.<\/p>\n<p>Cuenta la leyenda que all\u00e1 por por el a\u00f1o 1300, un hombre llamado Juan Bautista Garc\u00eda, se encontraba pastoreando su ganado en el campo, cuando de repente, oy\u00f3 a lo lejos tocar unos clarines. Juan movido por la curiosidad, fue caminando siguiendo la melod\u00eda, al llegar al lugar de donde le parec\u00eda o\u00edr los clarines no vio nada, sin embargo, en uno de esos d\u00edas, encontr\u00e1ndose el pastor en el lugar donde cre\u00eda haber o\u00eddo la m\u00fasica, de repente, exclam\u00f3:<\/p>\n<p>&#8211; \u201dV\u00e1lgame la Virgen Santa Mar\u00eda\u201d y oy\u00f3 que le dec\u00eda:<\/p>\n<p>&#8211; \u201cYo soy contigo Juan Bautista, ac\u00e9rcate\u201d y levantando la vista vio la Sacrat\u00edsima Imagen y ador\u00e1ndola con l\u00e1grimas en sus ojos, dec\u00eda:<\/p>\n<p>&#8211; \u201cSe\u00f1ora, de d\u00f3nde a m\u00ed tanta dicha!<\/p>\n<pre>y habl\u00e1ndole la Se\u00f1ora dijo:\n<\/pre>\n<p>&#8211; \u201cAnda y dile a todo el pueblo que construyan aqu\u00ed un templo, que ser\u00e1 amparo de esta tierra\u201d, y replic\u00f3:<\/p>\n<p>&#8211; \u201cSe\u00f1ora, dir\u00e1n que es mentira\u201d &#8211; \u201cAnda y toca en m\u00ed esa mano y quedar\u00e1 sana y limpia\u201d.<\/p>\n<p>El hombre era manco de la mano derecha y ten\u00eda llaga hasta el brazo, y llegando, con toda su dolencia y devoci\u00f3n qued\u00f3 sano. Juan Bautista entr\u00f3 en el pueblo dando voces y emocionado, con l\u00e1grimas en los ojos, contando el milagro que hab\u00eda presenciado. Al o\u00edrle todo el pueblo se conmovi\u00f3 y fue conocido y atestiguado el milagro del que todos fueron part\u00edcipes. A ra\u00edz de este hecho todos adoraron a la Sacrat\u00edsima Virgen Mar\u00eda y el pastor, Juan Bautista, hizo una escultura, d\u00e1ndole por nombre Clarines, debido al sonido que oy\u00f3 y que proced\u00eda del lugar de donde ocurri\u00f3 todo.<\/p>\n<p>Seg\u00fan cuenta la leyenda, la Virgen estaba sentada y llevaba al Ni\u00f1o en su brazo izquierdo, el cual, a su vez, portaba un libro en sus manos.<\/p>\n<p>En el a\u00f1os 1936 y a consecuencia de la Guerra Civil espa\u00f1ola, la imagen de la Virgen es destruida, por lo que posteriormente hicieron una nueva escultura en el a\u00f1o 1938, a manos del imaginero sevillano Antonio Castillo Lastrucci. Esta es la imagen que hoy en d\u00eda encontramos en la Ermita de Nuestra Se\u00f1ora de los Clarines construida para ella en la aldea beasina que recibe el mismo nombre que la Virgen Clarines.<\/p>\n<p>Ya en el Siglo XIV se tiene constancia de las primeras referencias documentales relativas a sus santuario y a su festividad.<\/p>\n<p>Aumentando la popularidad de su celebraci\u00f3n en los siglos XVII y XVIII, en estas fechas ya se tiene constancia de las existencia de una celebraci\u00f3n campestre entorno a la imagen de la Virgen. Increment\u00e1ndose a\u00fan m\u00e1s entorno al a\u00f1o 1930 coincidiendo el 15 de agosto con la festividad nacional de la Asunci\u00f3n de la Virgen, de esta manera se amplia la romer\u00eda durante los d\u00edas 14, 15 y 16 de agosto, manteni\u00e9ndose as\u00ed hasta la actualidad.<\/p>\n<p>Hoy en d\u00eda, sigue siendo una de las principales romer\u00edas de la provincia de Huelva, donde acuden cada a\u00f1o entre 4000 y 5000 personas. Se cuenta, que en su d\u00eda compiti\u00f3, seg\u00fan cr\u00f3nicas de aquellos a\u00f1os con la conocida y popular Romer\u00eda del Roc\u00edo.<\/p>\n<p>Juan Alonso , conde de niebla, a finales del Siglo XIV deja en su testamento una donaci\u00f3n para el Santuario de la Virgen de Clarines, esto nos lleva a pensar la gran devoci\u00f3n que ya exist\u00eda en todos los alrededores y m\u00e1s concretamente en el Condado de niebla entorno a la imagen de la virgen, tal era as\u00ed, que en ocasiones y para combatir las epidemias de la Peste y de la Sequ\u00eda que tanto acechaban por aquella \u00e9poca, la imagen era trasladada desde su ermita hasta la capital del condado (Niebla). Curiosamente y seg\u00fan cuentan los antiguos testimonios la devoci\u00f3n a Clarines est\u00e1 muy vinculada al mundo del mar.<\/p>\n<p>En abril de 1594, Francisco de Vides, vecino de Trigueros fund\u00f3 la ciudad de Nuestra Se\u00f1ora de los Clarines en tierras de las actual Venezuela, que hoy est\u00e1 hermanada con el municipio de Beas<\/p>\n<p>Han sido muchas las ocasiones en las que se ha podido observar la vinculaci\u00f3n con el mudo del mar, afirm\u00e1ndolo as\u00ed el p\u00e1rroco Francisco Jos\u00e9 de Heredia \u201cla Se\u00f1era es muy amante de favorecer a los navegantes\u201d.<\/p>\n<p>Cuentan que una ermita\u00f1a del lugar observaba que cuando alg\u00fan navegante visitaba el santuario de la Virgen aparec\u00eda brumas o nieblas en la ermita.<\/p>\n<p>Hoy en d\u00eda, en torno a la Virgen de Nuestra Sra. de los Clarines y alrededor de su Santuario se ha ido creando una de las aldeas que componen la Villa de Beas, en este paraje adem\u00e1s de ser el lugar de la celebraci\u00f3n de la romer\u00eda tambi\u00e9n ya son muchos los habitantes que viven de forma continua y permanente en el lugar, aument\u00e1ndose considerablemente la poblaci\u00f3n durante los d\u00edas de la festividad. Estos son d\u00edas en el que el pueblo pr\u00e1cticamente se trasladan a la aldea, para compartir con familiares y amigos la devoci\u00f3n a la Virgen, as\u00ed como la enorme hospitalidad que el pueblo de Beas demuestra siempre hacia el forastero, haci\u00e9ndolo part\u00edcipe de sus tradiciones y costumbres populares. Cada a\u00f1o, el \u00faltimo fin de semana del mes de febrero se celebra \u201cClarines el Chico\u201d en recuerdo de un gran terremoto sucedido en la provincia que destruy\u00f3 gran parte la ermita. La Hermandad de Nuestra Sra de los Clarines es la encargada junto con gran parte del pueblo de Beas, y de forma totalmente desinteresada y voluntaria de la organizaci\u00f3n, construcci\u00f3n, elaboraci\u00f3n y gesti\u00f3n del Bel\u00e9n viviente de Beas, gran sustento este para el mantenimiento de la imagen de la Virgen, de su ermita y de la Romer\u00eda.<\/p>\n","protected":false},"excerpt":{"rendered":"<p>Leyenda de la Aparici\u00f3n Virgen de los Clarines Cada ciudad, cada uno de nuestros pueblos, [&hellip;]<\/p>\n","protected":false},"author":2,"featured_media":0,"parent":0,"menu_order":0,"comment_status":"closed","ping_status":"closed","template":"","meta":{"footnotes":""},"class_list":["post-1282","page","type-page","status-publish","hentry"],"jetpack_sharing_enabled":true,"_links":{"self":[{"href":"https:\/\/www.beasturismo.es\/index.php?rest_route=\/wp\/v2\/pages\/1282","targetHints":{"allow":["GET"]}}],"collection":[{"href":"https:\/\/www.beasturismo.es\/index.php?rest_route=\/wp\/v2\/pages"}],"about":[{"href":"https:\/\/www.beasturismo.es\/index.php?rest_route=\/wp\/v2\/types\/page"}],"author":[{"embeddable":true,"href":"https:\/\/www.beasturismo.es\/index.php?rest_route=\/wp\/v2\/users\/2"}],"replies":[{"embeddable":true,"href":"https:\/\/www.beasturismo.es\/index.php?rest_route=%2Fwp%2Fv2%2Fcomments&post=1282"}],"version-history":[{"count":17,"href":"https:\/\/www.beasturismo.es\/index.php?rest_route=\/wp\/v2\/pages\/1282\/revisions"}],"predecessor-version":[{"id":1305,"href":"https:\/\/www.beasturismo.es\/index.php?rest_route=\/wp\/v2\/pages\/1282\/revisions\/1305"}],"wp:attachment":[{"href":"https:\/\/www.beasturismo.es\/index.php?rest_route=%2Fwp%2Fv2%2Fmedia&parent=1282"}],"curies":[{"name":"wp","href":"https:\/\/api.w.org\/{rel}","templated":true}]}}

<p><img decoding="async" width="720" height="960" src="https://www.beasturismo.es/wp-content/uploads/2021/01/Ntra-Sra-de-los-Clarines.jpg" alt="" loading="lazy" srcset="https://www.beasturismo.es/wp-content/uploads/2021/01/Ntra-Sra-de-los-Clarines.jpg 720w, https://www.beasturismo.es/wp-content/uploads/2021/01/Ntra-Sra-de-los-Clarines-225x300.jpg 225w" sizes="auto, (max-width: 720px) 100vw, 720px" />											</p>
<p><strong>Leyenda de la Aparición Virgen de los Clarines</strong></p>
<p>Cada ciudad, cada uno de nuestros pueblos, cada aldea, tiene una historia, una leyenda que se ha ido transmitiendo de padres a hijos a lo largo de los siglos. En Beas, la leyenda más trascendente es la de la aparición de la Virgen de los Clarines, hoy en día Patrona del pueblo de Beas. Es en el año 1714, cuando es recogida por escrito por primera vez por Fray Felipe de Santiago.</p>
<p>Cuenta la leyenda que allá por por el año 1300, un hombre llamado Juan Bautista García, se encontraba pastoreando su ganado en el campo, cuando de repente, oyó a lo lejos tocar unos clarines. Juan movido por la curiosidad, fue caminando siguiendo la melodía, al llegar al lugar de donde le parecía oír los clarines no vio nada, sin embargo, en uno de esos días, encontrándose el pastor en el lugar donde creía haber oído la música, de repente, exclamó:</p>
<p>&#8211; ”Válgame la Virgen Santa María” y oyó que le decía:</p>
<p>&#8211; “Yo soy contigo Juan Bautista, acércate” y levantando la vista vio la Sacratísima Imagen y adorándola con lágrimas en sus ojos, decía:</p>
<p>&#8211; “Señora, de dónde a mí tanta dicha!</p>
<pre>y hablándole la Señora dijo:
</pre>
<p>&#8211; “Anda y dile a todo el pueblo que construyan aquí un templo, que será amparo de esta tierra”, y replicó:</p>
<p>&#8211; “Señora, dirán que es mentira” &#8211; “Anda y toca en mí esa mano y quedará sana y limpia”.</p>
<p>El hombre era manco de la mano derecha y tenía llaga hasta el brazo, y llegando, con toda su dolencia y devoción quedó sano. Juan Bautista entró en el pueblo dando voces y emocionado, con lágrimas en los ojos, contando el milagro que había presenciado. Al oírle todo el pueblo se conmovió y fue conocido y atestiguado el milagro del que todos fueron partícipes. A raíz de este hecho todos adoraron a la Sacratísima Virgen María y el pastor, Juan Bautista, hizo una escultura, dándole por nombre Clarines, debido al sonido que oyó y que procedía del lugar de donde ocurrió todo.</p>
<p>Según cuenta la leyenda, la Virgen estaba sentada y llevaba al Niño en su brazo izquierdo, el cual, a su vez, portaba un libro en sus manos.</p>
<p>En el años 1936 y a consecuencia de la Guerra Civil española, la imagen de la Virgen es destruida, por lo que posteriormente hicieron una nueva escultura en el año 1938, a manos del imaginero sevillano Antonio Castillo Lastrucci. Esta es la imagen que hoy en día encontramos en la Ermita de Nuestra Señora de los Clarines construida para ella en la aldea beasina que recibe el mismo nombre que la Virgen Clarines.</p>
<p>Ya en el Siglo XIV se tiene constancia de las primeras referencias documentales relativas a sus santuario y a su festividad.</p>
<p>Aumentando la popularidad de su celebración en los siglos XVII y XVIII, en estas fechas ya se tiene constancia de las existencia de una celebración campestre entorno a la imagen de la Virgen. Incrementándose aún más entorno al año 1930 coincidiendo el 15 de agosto con la festividad nacional de la Asunción de la Virgen, de esta manera se amplia la romería durante los días 14, 15 y 16 de agosto, manteniéndose así hasta la actualidad.</p>
<p>Hoy en día, sigue siendo una de las principales romerías de la provincia de Huelva, donde acuden cada año entre 4000 y 5000 personas. Se cuenta, que en su día compitió, según crónicas de aquellos años con la conocida y popular Romería del Rocío.</p>
<p>Juan Alonso , conde de niebla, a finales del Siglo XIV deja en su testamento una donación para el Santuario de la Virgen de Clarines, esto nos lleva a pensar la gran devoción que ya existía en todos los alrededores y más concretamente en el Condado de niebla entorno a la imagen de la virgen, tal era así, que en ocasiones y para combatir las epidemias de la Peste y de la Sequía que tanto acechaban por aquella época, la imagen era trasladada desde su ermita hasta la capital del condado (Niebla). Curiosamente y según cuentan los antiguos testimonios la devoción a Clarines está muy vinculada al mundo del mar.</p>
<p>En abril de 1594, Francisco de Vides, vecino de Trigueros fundó la ciudad de Nuestra Señora de los Clarines en tierras de las actual Venezuela, que hoy está hermanada con el municipio de Beas</p>
<p>Han sido muchas las ocasiones en las que se ha podido observar la vinculación con el mudo del mar, afirmándolo así el párroco Francisco José de Heredia “la Señera es muy amante de favorecer a los navegantes”.</p>
<p>Cuentan que una ermitaña del lugar observaba que cuando algún navegante visitaba el santuario de la Virgen aparecía brumas o nieblas en la ermita.</p>
<p>Hoy en día, en torno a la Virgen de Nuestra Sra. de los Clarines y alrededor de su Santuario se ha ido creando una de las aldeas que componen la Villa de Beas, en este paraje además de ser el lugar de la celebración de la romería también ya son muchos los habitantes que viven de forma continua y permanente en el lugar, aumentándose considerablemente la población durante los días de la festividad. Estos son días en el que el pueblo prácticamente se trasladan a la aldea, para compartir con familiares y amigos la devoción a la Virgen, así como la enorme hospitalidad que el pueblo de Beas demuestra siempre hacia el forastero, haciéndolo partícipe de sus tradiciones y costumbres populares. Cada año, el último fin de semana del mes de febrero se celebra “Clarines el Chico” en recuerdo de un gran terremoto sucedido en la provincia que destruyó gran parte la ermita. La Hermandad de Nuestra Sra de los Clarines es la encargada junto con gran parte del pueblo de Beas, y de forma totalmente desinteresada y voluntaria de la organización, construcción, elaboración y gestión del Belén viviente de Beas, gran sustento este para el mantenimiento de la imagen de la Virgen, de su ermita y de la Romería.</p>

<p>Leyenda de la Aparición Virgen de los Clarines Cada ciudad, cada uno de nuestros pueblos, [&hellip;]</p>
