{"id":1308,"date":"2021-01-12T11:56:28","date_gmt":"2021-01-12T11:56:28","guid":{"rendered":"https:\/\/www.beasturismo.es\/?page_id=1308"},"modified":"2021-01-25T12:06:16","modified_gmt":"2021-01-25T12:06:16","slug":"santa-maria-de-espana","status":"publish","type":"page","link":"https:\/\/www.beasturismo.es\/?page_id=1308","title":{"rendered":"Santa Mar\u00eda de Espa\u00f1a"},"content":{"rendered":"<p><img decoding=\"async\" width=\"765\" height=\"1024\" src=\"https:\/\/www.beasturismo.es\/wp-content\/uploads\/2020\/08\/118138385_1651660271662907_7654710119207153034_o-765x1024.jpg\" alt=\"\" loading=\"lazy\" srcset=\"https:\/\/www.beasturismo.es\/wp-content\/uploads\/2020\/08\/118138385_1651660271662907_7654710119207153034_o-765x1024.jpg 765w, https:\/\/www.beasturismo.es\/wp-content\/uploads\/2020\/08\/118138385_1651660271662907_7654710119207153034_o-224x300.jpg 224w, https:\/\/www.beasturismo.es\/wp-content\/uploads\/2020\/08\/118138385_1651660271662907_7654710119207153034_o-768x1027.jpg 768w, https:\/\/www.beasturismo.es\/wp-content\/uploads\/2020\/08\/118138385_1651660271662907_7654710119207153034_o-1148x1536.jpg 1148w, https:\/\/www.beasturismo.es\/wp-content\/uploads\/2020\/08\/118138385_1651660271662907_7654710119207153034_o.jpg 1196w\" sizes=\"auto, (max-width: 765px) 100vw, 765px\" \/>\t\t\t\t\t\t\t\t\t\t\t<\/p>\n<p>Las primeras noticias que conocemos de la existencia de esa hermandad son del<strong> a\u00f1o 1708<\/strong>, cuatro a\u00f1os antes de la venida de la imagen al pueblo. Se sabe, igualmente, que por estos a\u00f1os la hermandad celebraba anualmente fiesta en honor de su titular el primer domingo del mes de septiembre. <\/p>\n<p>Con anterioridad a esta fecha del a\u00f1o 1708, pr\u00e1cticamente no se conoce ning\u00fan detalle documental referido al santuario de Santa Mar\u00eda de Espa\u00f1a o la devoci\u00f3n de la Virgen. El \u00fanico dato escrito del que tenemos constancia en fechas anteriores al siglo XVIII nos ha llegado a nosotros de unos documentos conservados en el vecino pueblo de Zalamea la Real, en concreto en el Archivo Hist\u00f3rico de la Hermandad de San Vicente M\u00e1rtir. All\u00ed en un Libro de Reglas, hay una referencia al a\u00f1o 1425, siglo XV, en el que se testimonia el pr\u00e9stamo de un caldero al santuario de Santa Mar\u00eda de Espa\u00f1a para preparar las carnes con ocasi\u00f3n de las fiestas que se celebraban en el mismo. Por tanto, sabemos que, al menos desde el primer tercio del siglo XV, existe esta ermita rural junto al r\u00edo Odiel, venerada por los habitantes de Beas.<\/p>\n<p>No tenemos datos que nos permitan conocer fehacientemente la relaci\u00f3n existente entre Beas y la ermita de Santa Mar\u00eda de Espa\u00f1a en los siglos inmediatamente anteriores al XVIII, pero tal vez haya que buscarla en la leyenda que narra la aparici\u00f3n de la imagen de la Virgen, donde se indica que fue encontrada por dos vecinos de nuestro pueblo en el transcurso de una cacer\u00eda en el siglo XIV, all\u00e1 por el a\u00f1o 1340.<\/p>\n<p>El traslado de la Virgen se anunci\u00f3 con gran solemnidad la v\u00edspera de la venida, el domingo 10 de abril de 1712, con repiques de campanas y pregones.\u00a0<\/p>\n<p>Los vecinos de Valverde deb\u00edan llevar la imagen de la Virgen de Espa\u00f1a en la noche del d\u00eda 10 de abril hasta el sitio que en el relato se nombra de El Alcornoque, \u00abt\u00e9rmino de este lugar\u00bb. Hasta all\u00ed se desplazaron en la ma\u00f1ana del lunes 11 de abril los vecinos de Beas, acompa\u00f1ados por las autoridades civiles y eclesi\u00e1sticas. <\/p>\n<p>Esperaron ordenadamente, a las personas que tra\u00edan a la Virgen desde Valverde del Camino. Cuando en el horizonte se lleg\u00f3 \u00aba ver la Sagrada Imagen, se dispararon las armas\u00bb como salvas o saludos de bienvenida. Del mismo modo, los mozos militares danzaron con sus espadas ante la presencia de la Virgen. La imagen de Santa Mar\u00eda de Espa\u00f1a fue entregada por cuatros sacerdotes de la parroquia de Valverde del Camino a otros tantos de la parroquial de Beas, que se encargaron de recibirla. A partir de este momento se inici\u00f3 el camino de vuelta de los peregrinos hasta el pueblo. La procesi\u00f3n o romer\u00eda lleg\u00f3 a la parroquia de San Bartolom\u00e9 \u00absin haber cesado los eclesi\u00e1sticos de cantar, los devotos de rezar, el alarde de disparar y la danza de danzar\u00bb, entroniz\u00e1ndose la Virgen en el templo parroquial a las cuatro de la tarde.<\/p>\n<p>La estancia de Santa Mar\u00eda de Espa\u00f1a en tierras beasinas debi\u00f3 dejar un buen recuerdo, fruto del cual, unos a\u00f1os despu\u00e9s, en 1721, el cabildo civil de Beas tom\u00f3 el acuerdo, reflejado en sus libros capitulares, de<strong> traer la imagen de la Virgen cada siete a\u00f1os hasta el pueblo, como se ha ido repitiendo hasta fechas recientes.<\/strong><\/p>\n<p>Gracias a todos estos documentos hoy, m\u00e1s de 300 a\u00f1os m\u00e1s tarde, beasinos, valverde\u00f1os y cala\u00f1eses podemos conocer y rememorar estos acontecimientos.<\/p>\n","protected":false},"excerpt":{"rendered":"<p>Las primeras noticias que conocemos de la existencia de esa hermandad son del a\u00f1o 1708, [&hellip;]<\/p>\n","protected":false},"author":2,"featured_media":0,"parent":0,"menu_order":0,"comment_status":"closed","ping_status":"closed","template":"","meta":{"footnotes":""},"class_list":["post-1308","page","type-page","status-publish","hentry"],"jetpack_sharing_enabled":true,"_links":{"self":[{"href":"https:\/\/www.beasturismo.es\/index.php?rest_route=\/wp\/v2\/pages\/1308","targetHints":{"allow":["GET"]}}],"collection":[{"href":"https:\/\/www.beasturismo.es\/index.php?rest_route=\/wp\/v2\/pages"}],"about":[{"href":"https:\/\/www.beasturismo.es\/index.php?rest_route=\/wp\/v2\/types\/page"}],"author":[{"embeddable":true,"href":"https:\/\/www.beasturismo.es\/index.php?rest_route=\/wp\/v2\/users\/2"}],"replies":[{"embeddable":true,"href":"https:\/\/www.beasturismo.es\/index.php?rest_route=%2Fwp%2Fv2%2Fcomments&post=1308"}],"version-history":[{"count":10,"href":"https:\/\/www.beasturismo.es\/index.php?rest_route=\/wp\/v2\/pages\/1308\/revisions"}],"predecessor-version":[{"id":1326,"href":"https:\/\/www.beasturismo.es\/index.php?rest_route=\/wp\/v2\/pages\/1308\/revisions\/1326"}],"wp:attachment":[{"href":"https:\/\/www.beasturismo.es\/index.php?rest_route=%2Fwp%2Fv2%2Fmedia&parent=1308"}],"curies":[{"name":"wp","href":"https:\/\/api.w.org\/{rel}","templated":true}]}}