{"id":132,"date":"2020-07-07T12:01:06","date_gmt":"2020-07-07T12:01:06","guid":{"rendered":"https:\/\/www.beasturismo.es\/?page_id=132"},"modified":"2020-08-31T12:37:17","modified_gmt":"2020-08-31T12:37:17","slug":"belen-viviente","status":"publish","type":"page","link":"https:\/\/www.beasturismo.es\/?page_id=132","title":{"rendered":"Bel\u00e9n Viviente"},"content":{"rendered":"<h5 style=\"text-align: center;\"><strong>\u2728Creando Ilusi\u00f3n desde 1970<\/strong><\/h5>\n<h6 style=\"text-align: center;\"><strong>Reconocido como una de las 7 Maravillas de la Provincia de Huelva<\/strong><\/h6>\n<h6 style=\"text-align: center;\"><strong>\u00a0<\/strong><\/h6>\n<p>https:\/\/www.youtube.com\/watch?v=0gzYD_6y-oU<\/p>\n<p style=\"margin-top: 0cm; background: white;\">En la Navidad de 1970, la Hermandad de Ntra. Sra. La Virgen de los Clarines decidi\u00f3 instalar un \u201cNacimiento Viviente\u201d en Beas con el objetivo de recaudar fondos econ\u00f3micos para hacer frente a la\u00a0 rehabilitaci\u00f3n del santuario de Clarines que hab\u00eda quedado gravemente da\u00f1ado por el terremoto del 28 de febrero de 1969.<br style=\"box-sizing: border-box; font-variant-ligatures: normal; font-variant-caps: normal; orphans: 2; widows: 2; -webkit-text-stroke-width: 0px; word-spacing: 0px;\" \/><br \/>Las personas que integraban la Junta de Gobierno de la Hermandad, presidida por Antonio Becerril Rebollo, y entre quienes se encontraba Miguel Caballero Dom\u00ednguez (impulsor de la idea), poco pod\u00edan imaginar que con aquella decisi\u00f3n estaban haciendo un hermoso regalo a su pueblo y creando una tradici\u00f3n que une a todo Beas desde aquel a\u00f1o.<\/p>\n<p>El Bel\u00e9n Viviente de Beas es el nacimiento vivo m\u00e1s antiguo de Andaluc\u00eda, en el que se\u00a0representan escenas tradicionales de la Biblia\u00a0con ni\u00f1os y animales como protagonistas, as\u00ed como escenas costumbristas de la provincia de Huelva.<\/p>\n<p>Ad\u00e9ntrate en este mundo m\u00e1gico para descubrir los muchos oficios y modos de vida de la \u00e9poca, donde conocer\u00e1s los utensilios y herramientas de anta\u00f1o, as\u00ed como art\u00edculos dom\u00e9sticos, muebles, y herramientas agr\u00edcolas.<\/p>\n<p>El secreto de que el Bel\u00e9n Viviente lleve tantos a\u00f1os regalando ilusi\u00f3n es el amor con el que se hace cada detalle de cada rinconcito, de cada vestimenta\u2026Es el amor que le ponemos los vecinos de Beas, desde el m\u00e1s mayor al\u00a0m\u00e1s peque\u00f1o de la casa. <strong>Porque cuando las cosas se hacen con amor duran para siempre. \u00a1Gracias Pueblo de Beas!<\/strong><\/p>\n","protected":false},"excerpt":{"rendered":"<p>\u2728Creando Ilusi\u00f3n desde 1970 Reconocido como una de las 7 Maravillas de la Provincia de [&hellip;]<\/p>\n","protected":false},"author":2,"featured_media":0,"parent":0,"menu_order":0,"comment_status":"closed","ping_status":"closed","template":"","meta":{"footnotes":""},"class_list":["post-132","page","type-page","status-publish","hentry"],"jetpack_sharing_enabled":true,"_links":{"self":[{"href":"https:\/\/www.beasturismo.es\/index.php?rest_route=\/wp\/v2\/pages\/132","targetHints":{"allow":["GET"]}}],"collection":[{"href":"https:\/\/www.beasturismo.es\/index.php?rest_route=\/wp\/v2\/pages"}],"about":[{"href":"https:\/\/www.beasturismo.es\/index.php?rest_route=\/wp\/v2\/types\/page"}],"author":[{"embeddable":true,"href":"https:\/\/www.beasturismo.es\/index.php?rest_route=\/wp\/v2\/users\/2"}],"replies":[{"embeddable":true,"href":"https:\/\/www.beasturismo.es\/index.php?rest_route=%2Fwp%2Fv2%2Fcomments&post=132"}],"version-history":[{"count":11,"href":"https:\/\/www.beasturismo.es\/index.php?rest_route=\/wp\/v2\/pages\/132\/revisions"}],"predecessor-version":[{"id":797,"href":"https:\/\/www.beasturismo.es\/index.php?rest_route=\/wp\/v2\/pages\/132\/revisions\/797"}],"wp:attachment":[{"href":"https:\/\/www.beasturismo.es\/index.php?rest_route=%2Fwp%2Fv2%2Fmedia&parent=132"}],"curies":[{"name":"wp","href":"https:\/\/api.w.org\/{rel}","templated":true}]}}