{"id":144,"date":"2020-07-07T12:28:17","date_gmt":"2020-07-07T12:28:17","guid":{"rendered":"https:\/\/www.beasturismo.es\/?page_id=144"},"modified":"2021-01-26T09:29:31","modified_gmt":"2021-01-26T09:29:31","slug":"hermanamiento-de-beas-y-clarines-venezuela","status":"publish","type":"page","link":"https:\/\/www.beasturismo.es\/?page_id=144","title":{"rendered":"Hermanamiento de Beas y Clarines (Venezuela)"},"content":{"rendered":"<h5 style=\"margin-top: 0cm; background: white; text-align: center;\">\ud83c\udf0d <strong>Dos culturas<\/strong>\u00a0\ud83c\udf0e <strong>Dos mundos convertidos en uno <\/strong>\ud83d\uddfa<\/h5>\n<p>El art\u00edfice de la fundaci\u00f3n de la ciudad de Clarines (Venezuela), en la llamada Nueva Andaluc\u00eda, fue Francisco de Vides, natural de Trigueros, que hab\u00eda sido cofundador de la ciudad de Caracas y alcalde de ella entre 1585 y 1587, as\u00ed como Gobernador y Capit\u00e1n General de la Nueva Andaluc\u00eda en 1592\u00a0[S.XVI].\u00a0En Octubre de ese mismo a\u00f1o, dos peque\u00f1os barcos salieron desde Sanl\u00facar de Barrameda con un grupo de 200 personas, andaluzas y extreme\u00f1as,\u00a07 de ellas originarias de Beas: los expedicionarios naturales de nuestro pueblo fueron un matrimonio compuesto por\u00a0<strong style=\"color: #000000; font-family: var( --e-global-typography-text-font-family ), Sans-serif; font-size: 1rem;\">Crist\u00f3bal Rodr\u00edguez Orihuela<\/strong>\u00a0y\u00a0<strong style=\"color: #000000; font-family: var( --e-global-typography-text-font-family ), Sans-serif; font-size: 1rem;\">Mar\u00eda Garc\u00eda<\/strong>, junto con sus hijos\u00a0<strong style=\"color: #000000; font-family: var( --e-global-typography-text-font-family ), Sans-serif; font-size: 1rem;\">Benito<\/strong>\u00a0e\u00a0<strong style=\"color: #000000; font-family: var( --e-global-typography-text-font-family ), Sans-serif; font-size: 1rem;\">Isabel<\/strong>, adem\u00e1s de un hombre soltero llamado\u00a0<strong style=\"color: #000000; font-family: var( --e-global-typography-text-font-family ), Sans-serif; font-size: 1rem;\">Crist\u00f3bal Mart\u00edn Vall\u00e9s<\/strong>.\u00a0<\/p>\n<p style=\"margin-top: 0cm; background: white;\">Dos a\u00f1os m\u00e1s tarde, el 7 de Abril de\u00a0<strong>1594<\/strong>, el colonizador Francisco de Vides, fund\u00f3 y di\u00f3 nombre a \u201cNuestra Se\u00f1ora de los Clarines\u201d en el pueblo venezolano del estado de Anzoategui, haciendo un gui\u00f1o a la Se\u00f1ora de Beas.\u00a0El objetivo del capit\u00e1n, por encargo del Rey Felipe II, era la colonizaci\u00f3n y repoblaci\u00f3n del valle del r\u00edo Unare. A la ciudad que funda le puso el nombre de Nuestra Se\u00f1ora de los Clarines.\u00a0Nada fue casualidad. Clarines se bautiz\u00f3 con este nombre debido a la devoci\u00f3n a una Virgen que tambi\u00e9n visit\u00f3 el pa\u00eds como compa\u00f1era y gu\u00eda espiritual.<\/p>\n<p>https:\/\/www.youtube.com\/watch?v=3KilNG3PjAQ<\/p>\n<p style=\"margin-top: 0cm; background: white;\">En Abril de <strong>1994<\/strong> un grupo de 50 personas tuvo el privilegio de estar presentes en el pueblo de Clarines del estado de Anzoategui, en Venezuela, para ser testigos del acuerdo y para sellar el hermanamiento entre los Ayuntamientos de Beas (Espa\u00f1a) y Clarines (Venezuela). \u00a0Este hermanamiento se hizo coincidir con el cuarto centenario de la ciudad de Clarines.\u00a0Esta expedici\u00f3n la encabezaba el <strong>alcalde Francisco Javier Dom\u00ednguez Romero<\/strong>. All\u00ed le esperaba su hom\u00f3logo clarin\u00e9s, <strong>Alirio Guacar\u00e1n Mata.<\/strong> Juntos culminaron un proceso de identidad que se inici\u00f3 varios a\u00f1os atr\u00e1s, cuando se supo de la existencia de esta tierra que compart\u00eda nominaci\u00f3n con la patrona de Beas. En la campi\u00f1a onubense sabemos del valor de estos lazos y conmemoramos estos d\u00edas atr\u00e1s con folklore popular y una exposici\u00f3n de documentos y objetos que recuerdan los a\u00f1os de traves\u00eda.<\/p>\n<p style=\"margin-top: 0cm; background: white;\">El contacto entre los pueblos ha sido constante y fruct\u00edfero, muestra de ello es la Casa Museo de Venezuela, en Beas. En ella se puede ver un compendio de im\u00e1genes, textos y objetos que nos dejaron como recuerdo de aquel \u00a07 de abril en un lugar llamado Aripata, donde se vieron por primera vez los aut\u00f3ctonos y donde se fund\u00f3 Nuestra Se\u00f1ora de los Clarines, en el cerro del r\u00edo Unare.<\/p>\n<p style=\"margin-top: 0cm; background: white;\">Uno de los protagonistas de este permanente contacto entre pueblos es la Asociaci\u00f3n Rio Unare, creada y fundada en 1996, manteniendo vivos los lazos humanos e institucionales y de ser veh\u00edculo del intercambio entre sus culturas.<\/p>\n","protected":false},"excerpt":{"rendered":"<p>\ud83c\udf0d Dos culturas\u00a0\ud83c\udf0e Dos mundos convertidos en uno \ud83d\uddfa El art\u00edfice de la fundaci\u00f3n de [&hellip;]<\/p>\n","protected":false},"author":2,"featured_media":0,"parent":0,"menu_order":0,"comment_status":"closed","ping_status":"closed","template":"","meta":{"footnotes":""},"class_list":["post-144","page","type-page","status-publish","hentry"],"jetpack_sharing_enabled":true,"_links":{"self":[{"href":"https:\/\/www.beasturismo.es\/index.php?rest_route=\/wp\/v2\/pages\/144","targetHints":{"allow":["GET"]}}],"collection":[{"href":"https:\/\/www.beasturismo.es\/index.php?rest_route=\/wp\/v2\/pages"}],"about":[{"href":"https:\/\/www.beasturismo.es\/index.php?rest_route=\/wp\/v2\/types\/page"}],"author":[{"embeddable":true,"href":"https:\/\/www.beasturismo.es\/index.php?rest_route=\/wp\/v2\/users\/2"}],"replies":[{"embeddable":true,"href":"https:\/\/www.beasturismo.es\/index.php?rest_route=%2Fwp%2Fv2%2Fcomments&post=144"}],"version-history":[{"count":12,"href":"https:\/\/www.beasturismo.es\/index.php?rest_route=\/wp\/v2\/pages\/144\/revisions"}],"predecessor-version":[{"id":1424,"href":"https:\/\/www.beasturismo.es\/index.php?rest_route=\/wp\/v2\/pages\/144\/revisions\/1424"}],"wp:attachment":[{"href":"https:\/\/www.beasturismo.es\/index.php?rest_route=%2Fwp%2Fv2%2Fmedia&parent=144"}],"curies":[{"name":"wp","href":"https:\/\/api.w.org\/{rel}","templated":true}]}}

<h5 style="margin-top: 0cm; background: white; text-align: center;">🌍 <strong>Dos culturas</strong> 🌎 <strong>Dos mundos convertidos en uno </strong>🗺</h5>
<p>El artífice de la fundación de la ciudad de Clarines (Venezuela), en la llamada Nueva Andalucía, fue Francisco de Vides, natural de Trigueros, que había sido cofundador de la ciudad de Caracas y alcalde de ella entre 1585 y 1587, así como Gobernador y Capitán General de la Nueva Andalucía en 1592 [S.XVI]. En Octubre de ese mismo año, dos pequeños barcos salieron desde Sanlúcar de Barrameda con un grupo de 200 personas, andaluzas y extremeñas, 7 de ellas originarias de Beas: los expedicionarios naturales de nuestro pueblo fueron un matrimonio compuesto por <strong style="color: #000000; font-family: var( --e-global-typography-text-font-family ), Sans-serif; font-size: 1rem;">Cristóbal Rodríguez Orihuela</strong> y <strong style="color: #000000; font-family: var( --e-global-typography-text-font-family ), Sans-serif; font-size: 1rem;">María García</strong>, junto con sus hijos <strong style="color: #000000; font-family: var( --e-global-typography-text-font-family ), Sans-serif; font-size: 1rem;">Benito</strong> e <strong style="color: #000000; font-family: var( --e-global-typography-text-font-family ), Sans-serif; font-size: 1rem;">Isabel</strong>, además de un hombre soltero llamado <strong style="color: #000000; font-family: var( --e-global-typography-text-font-family ), Sans-serif; font-size: 1rem;">Cristóbal Martín Vallés</strong>. </p>
<p style="margin-top: 0cm; background: white;">Dos años más tarde, el 7 de Abril de <strong>1594</strong>, el colonizador Francisco de Vides, fundó y dió nombre a “Nuestra Señora de los Clarines” en el pueblo venezolano del estado de Anzoategui, haciendo un guiño a la Señora de Beas. El objetivo del capitán, por encargo del Rey Felipe II, era la colonización y repoblación del valle del río Unare. A la ciudad que funda le puso el nombre de Nuestra Señora de los Clarines. Nada fue casualidad. Clarines se bautizó con este nombre debido a la devoción a una Virgen que también visitó el país como compañera y guía espiritual.</p>
<p>https://www.youtube.com/watch?v=3KilNG3PjAQ</p>
<p style="margin-top: 0cm; background: white;">En Abril de <strong>1994</strong> un grupo de 50 personas tuvo el privilegio de estar presentes en el pueblo de Clarines del estado de Anzoategui, en Venezuela, para ser testigos del acuerdo y para sellar el hermanamiento entre los Ayuntamientos de Beas (España) y Clarines (Venezuela).  Este hermanamiento se hizo coincidir con el cuarto centenario de la ciudad de Clarines. Esta expedición la encabezaba el <strong>alcalde Francisco Javier Domínguez Romero</strong>. Allí le esperaba su homólogo clarinés, <strong>Alirio Guacarán Mata.</strong> Juntos culminaron un proceso de identidad que se inició varios años atrás, cuando se supo de la existencia de esta tierra que compartía nominación con la patrona de Beas. En la campiña onubense sabemos del valor de estos lazos y conmemoramos estos días atrás con folklore popular y una exposición de documentos y objetos que recuerdan los años de travesía.</p>
<p style="margin-top: 0cm; background: white;">El contacto entre los pueblos ha sido constante y fructífero, muestra de ello es la Casa Museo de Venezuela, en Beas. En ella se puede ver un compendio de imágenes, textos y objetos que nos dejaron como recuerdo de aquel  7 de abril en un lugar llamado Aripata, donde se vieron por primera vez los autóctonos y donde se fundó Nuestra Señora de los Clarines, en el cerro del río Unare.</p>
<p style="margin-top: 0cm; background: white;">Uno de los protagonistas de este permanente contacto entre pueblos es la Asociación Rio Unare, creada y fundada en 1996, manteniendo vivos los lazos humanos e institucionales y de ser vehículo del intercambio entre sus culturas.</p>

<p>🌍 Dos culturas 🌎 Dos mundos convertidos en uno 🗺 El artífice de la fundación de [&hellip;]</p>
