{"id":35,"date":"2020-07-07T07:52:55","date_gmt":"2020-07-07T07:52:55","guid":{"rendered":"https:\/\/www.beasturismo.es\/?page_id=35"},"modified":"2020-09-22T08:40:49","modified_gmt":"2020-09-22T08:40:49","slug":"fiestas-populares","status":"publish","type":"page","link":"https:\/\/www.beasturismo.es\/?page_id=35","title":{"rendered":"FIESTAS POPULARES"},"content":{"rendered":"\n<p>En <strong><span style=\"color:#0a4c68\" class=\"has-inline-color\">INVIERNO<\/span><\/strong>, y desde 1970, Beas anuncia <strong><a href=\"https:\/\/www.beasturismo.es\/?page_id=130\">La Navidad<\/a><\/strong> a la provincia de Huelva con su tradicional <strong><span style=\"color:#052047\" class=\"has-inline-color\"><a href=\"https:\/\/www.beasturismo.es\/?page_id=132\">Bel\u00e9n Viviente<\/a><\/span><\/strong>, el m\u00e1s antiguo de Andaluc\u00eda. Un museo vivo de tradiciones y costumbres de esta tierra. <\/p>\n\n\n\n<p>Llegado Febrero entramos en el mes de los <strong><a href=\"https:\/\/www.beasturismo.es\/?page_id=127\">Quintos<\/a>,<\/strong> la <strong><a href=\"https:\/\/www.beasturismo.es\/?page_id=64\">Romer\u00eda de Clarines Chico<\/a><\/strong> y los divertid\u00edsimos <strong><a href=\"https:\/\/www.beasturismo.es\/?page_id=115\">carnavales<\/a><\/strong> que ocupan el d\u00eda entero recorriendo las calles de Beas al ritmo del pasacalles.<\/p>\n\n\n\n<p>En <strong><span style=\"color:#f13463\" class=\"has-inline-color\">PRIMAVERA<\/span><\/strong>, Beas, como el resto de Andaluc\u00eda, se hace Pasi\u00f3n con la <strong><a href=\"https:\/\/www.beasturismo.es\/?page_id=113\">Semana Santa<\/a><\/strong>: Cristo de la Sangre, Se\u00f1or Cautivo, Se\u00f1or de Clarines, Virgen del Amor, Virgen de los Dolores, Santo Entierro de Cristo y el desfile de los personajes de la pasi\u00f3n: \u00c1ngel de la Guarda, Fe, Esperanza, Caridad, Magdalena, Tres Mar\u00edas, la Ver\u00f3nica&#8230;un recorrido de arte, tradici\u00f3n y devoci\u00f3n de la Semana Santa.<\/p>\n\n\n\n<p>LLegado Mayo las Romer\u00edas y Ferias expresan la tradici\u00f3n festiva y acogedora de los pueblos de Beas: <strong><a href=\"https:\/\/www.beasturismo.es\/?page_id=70\">San Jos\u00e9 Obrero<\/a><\/strong>, en Cand\u00f3n, en los primeros d\u00edas de mayo; la <strong><a href=\"https:\/\/www.beasturismo.es\/?page_id=66\">Romer\u00eda de Santa Mar\u00eda de Espa\u00f1a<\/a><\/strong>, a mediados de mayo, con su vinculaci\u00f3n legendaria al rey visigodo Rodrigo, haciendo el camino desde Beas hasta Sotiel Coronada donde se celebra.<\/p>\n\n\n\n<p>En <strong><span class=\"has-inline-color has-luminous-vivid-orange-color\">VERANO<\/span><\/strong>, nada m\u00e1s terminar la primavera y a finales de Junio se visten las calles de ramas de eucalipto para celebrar el <strong>Corpues<\/strong> <strong>Christi<\/strong> con la  Procesi\u00f3n del Sant\u00edsimo Sacramento del Altar.<\/p>\n\n\n\n<p>Llegado Agosto el pueblo se viste de alegr\u00eda: a primeros de mes se celebran las <strong>Novenas<\/strong> y la <strong><span style=\"color:#052047\" class=\"has-inline-color\"><a href=\"https:\/\/www.beasturismo.es\/?page_id=124\">elecci\u00f3n de la Romera Mayor<\/a><\/span><\/strong>; despu\u00e9s, durante los d\u00edas <br>14-15-16 la <strong><a href=\"https:\/\/www.beasturismo.es\/?page_id=64\">Romer\u00eda de Clarines<\/a><\/strong>, una de las romer\u00edas de mayor tradici\u00f3n de fe mariana de la provincia de Huelva; a finales de mes los <strong>festejos taurinos en honor a San Bartolom\u00e9<\/strong>, popularmente conocidos como las <strong><span style=\"color:#6a6969\" class=\"has-inline-color\"><a href=\"https:\/\/www.beasturismo.es\/?page_id=68\">Capeas<\/a><\/span><\/strong>, con su singular cuadril\u00e1tero taurino y <span style=\"color:#6a6969\" class=\"has-inline-color\"><strong>procesi\u00f3n alegre del Santo<\/strong><\/span> el d\u00eda 24.<\/p>\n\n\n\n<p>En <strong><span class=\"has-inline-color has-vivid-purple-color\">OTO\u00d1O<\/span><\/strong>, en el mes de septiembre tenemos las<strong><a href=\"https:\/\/www.beasturismo.es\/?page_id=72\"> fiestas de Ntra. Sra de la Salud<\/a><\/strong> en Fuenta de la Corcha y los <strong><a href=\"https:\/\/www.beasturismo.es\/?page_id=798\">cultos y fiestas a la Virgen de las Mercedes<\/a><\/strong> en Navahermosa. Cerrando el calendario, a primeros de noviembre, la <strong><a href=\"https:\/\/www.beasturismo.es\/?page_id=714\">Noche de Todos los Santos<\/a><\/strong>, en el cementerio.<\/p>\n\n\n\n<p><span style=\"color:#ffffff\" class=\"has-inline-color\">&#8230;&#8230;&#8230;..<\/span><\/p>\n\n\n\n<div class=\"wp-block-buttons aligncenter is-layout-flex wp-block-buttons-is-layout-flex\">\n<div class=\"wp-block-button is-style-outline is-style-outline--1\"><a class=\"wp-block-button__link\" href=\"https:\/\/www.beasturismo.es\/?page_id=68\">Capeas y Festejos Taurinos en Honor a San Bartolom\u00e9<\/a><\/div>\n\n\n\n<div class=\"wp-block-button is-style-outline is-style-outline--2\"><a class=\"wp-block-button__link\" href=\"https:\/\/www.beasturismo.es\/?page_id=115\">Carnavales<\/a><\/div>\n\n\n\n<div class=\"wp-block-button is-style-outline is-style-outline--3\"><a class=\"wp-block-button__link\">Corpues Christi<\/a><\/div>\n\n\n\n<div class=\"wp-block-button is-style-outline is-style-outline--4\"><a class=\"wp-block-button__link\" href=\"https:\/\/www.beasturismo.es\/?page_id=72\">Fiestas de Ntra Sra de la Salud<\/a><\/div>\n\n\n\n<div class=\"wp-block-button is-style-outline is-style-outline--5\"><a class=\"wp-block-button__link\" href=\"https:\/\/www.beasturismo.es\/?page_id=798\">Fiestas de Ntra Sra de las Mercedes<\/a><\/div>\n\n\n\n<div class=\"wp-block-button is-style-outline is-style-outline--6\"><a class=\"wp-block-button__link\" href=\"https:\/\/www.beasturismo.es\/?page_id=70\">Fiestas de San Jos\u00e9 Obrero<\/a><\/div>\n\n\n\n<div class=\"wp-block-button is-style-outline is-style-outline--7\"><a class=\"wp-block-button__link\" href=\"https:\/\/www.beasturismo.es\/?page_id=130\">Navidad<\/a><\/div>\n\n\n\n<div class=\"wp-block-button is-style-outline is-style-outline--8\"><a class=\"wp-block-button__link\" href=\"https:\/\/www.beasturismo.es\/?page_id=714\">Noche de Todos los Santos<\/a><\/div>\n\n\n\n<div class=\"wp-block-button is-style-outline is-style-outline--9\"><a class=\"wp-block-button__link\" href=\"https:\/\/www.beasturismo.es\/?page_id=64\">Romer\u00eda de Ntra Sra de los Clarines<\/a><\/div>\n\n\n\n<div class=\"wp-block-button is-style-outline is-style-outline--10\"><a class=\"wp-block-button__link\" href=\"https:\/\/www.beasturismo.es\/?page_id=66\">Romer\u00eda de Ntra Sra de Espa\u00f1a<\/a><\/div>\n\n\n\n<div class=\"wp-block-button is-style-outline is-style-outline--11\"><a class=\"wp-block-button__link\" href=\"https:\/\/www.beasturismo.es\/?page_id=113\">Semana Santa<\/a><\/div>\n<\/div>\n","protected":false},"excerpt":{"rendered":"<p>En INVIERNO, y desde 1970, Beas anuncia La Navidad a la provincia de Huelva con [&hellip;]<\/p>\n","protected":false},"author":2,"featured_media":0,"parent":0,"menu_order":0,"comment_status":"closed","ping_status":"closed","template":"","meta":{"footnotes":""},"class_list":["post-35","page","type-page","status-publish","hentry"],"jetpack_sharing_enabled":true,"_links":{"self":[{"href":"https:\/\/www.beasturismo.es\/index.php?rest_route=\/wp\/v2\/pages\/35","targetHints":{"allow":["GET"]}}],"collection":[{"href":"https:\/\/www.beasturismo.es\/index.php?rest_route=\/wp\/v2\/pages"}],"about":[{"href":"https:\/\/www.beasturismo.es\/index.php?rest_route=\/wp\/v2\/types\/page"}],"author":[{"embeddable":true,"href":"https:\/\/www.beasturismo.es\/index.php?rest_route=\/wp\/v2\/users\/2"}],"replies":[{"embeddable":true,"href":"https:\/\/www.beasturismo.es\/index.php?rest_route=%2Fwp%2Fv2%2Fcomments&post=35"}],"version-history":[{"count":26,"href":"https:\/\/www.beasturismo.es\/index.php?rest_route=\/wp\/v2\/pages\/35\/revisions"}],"predecessor-version":[{"id":977,"href":"https:\/\/www.beasturismo.es\/index.php?rest_route=\/wp\/v2\/pages\/35\/revisions\/977"}],"wp:attachment":[{"href":"https:\/\/www.beasturismo.es\/index.php?rest_route=%2Fwp%2Fv2%2Fmedia&parent=35"}],"curies":[{"name":"wp","href":"https:\/\/api.w.org\/{rel}","templated":true}]}}

<p>En <strong><span style="color:#0a4c68" class="has-inline-color">INVIERNO</span></strong>, y desde 1970, Beas anuncia <strong><a href="https://www.beasturismo.es/?page_id=130">La Navidad</a></strong> a la provincia de Huelva con su tradicional <strong><span style="color:#052047" class="has-inline-color"><a href="https://www.beasturismo.es/?page_id=132">Belén Viviente</a></span></strong>, el más antiguo de Andalucía. Un museo vivo de tradiciones y costumbres de esta tierra. </p>



<p>Llegado Febrero entramos en el mes de los <strong><a href="https://www.beasturismo.es/?page_id=127">Quintos</a>,</strong> la <strong><a href="https://www.beasturismo.es/?page_id=64">Romería de Clarines Chico</a></strong> y los divertidísimos <strong><a href="https://www.beasturismo.es/?page_id=115">carnavales</a></strong> que ocupan el día entero recorriendo las calles de Beas al ritmo del pasacalles.</p>



<p>En <strong><span style="color:#f13463" class="has-inline-color">PRIMAVERA</span></strong>, Beas, como el resto de Andalucía, se hace Pasión con la <strong><a href="https://www.beasturismo.es/?page_id=113">Semana Santa</a></strong>: Cristo de la Sangre, Señor Cautivo, Señor de Clarines, Virgen del Amor, Virgen de los Dolores, Santo Entierro de Cristo y el desfile de los personajes de la pasión: Ángel de la Guarda, Fe, Esperanza, Caridad, Magdalena, Tres Marías, la Verónica&#8230;un recorrido de arte, tradición y devoción de la Semana Santa.</p>



<p>LLegado Mayo las Romerías y Ferias expresan la tradición festiva y acogedora de los pueblos de Beas: <strong><a href="https://www.beasturismo.es/?page_id=70">San José Obrero</a></strong>, en Candón, en los primeros días de mayo; la <strong><a href="https://www.beasturismo.es/?page_id=66">Romería de Santa María de España</a></strong>, a mediados de mayo, con su vinculación legendaria al rey visigodo Rodrigo, haciendo el camino desde Beas hasta Sotiel Coronada donde se celebra.</p>



<p>En <strong><span class="has-inline-color has-luminous-vivid-orange-color">VERANO</span></strong>, nada más terminar la primavera y a finales de Junio se visten las calles de ramas de eucalipto para celebrar el <strong>Corpues</strong> <strong>Christi</strong> con la  Procesión del Santísimo Sacramento del Altar.</p>



<p>Llegado Agosto el pueblo se viste de alegría: a primeros de mes se celebran las <strong>Novenas</strong> y la <strong><span style="color:#052047" class="has-inline-color"><a href="https://www.beasturismo.es/?page_id=124">elección de la Romera Mayor</a></span></strong>; después, durante los días <br>14-15-16 la <strong><a href="https://www.beasturismo.es/?page_id=64">Romería de Clarines</a></strong>, una de las romerías de mayor tradición de fe mariana de la provincia de Huelva; a finales de mes los <strong>festejos taurinos en honor a San Bartolomé</strong>, popularmente conocidos como las <strong><span style="color:#6a6969" class="has-inline-color"><a href="https://www.beasturismo.es/?page_id=68">Capeas</a></span></strong>, con su singular cuadrilátero taurino y <span style="color:#6a6969" class="has-inline-color"><strong>procesión alegre del Santo</strong></span> el día 24.</p>



<p>En <strong><span class="has-inline-color has-vivid-purple-color">OTOÑO</span></strong>, en el mes de septiembre tenemos las<strong><a href="https://www.beasturismo.es/?page_id=72"> fiestas de Ntra. Sra de la Salud</a></strong> en Fuenta de la Corcha y los <strong><a href="https://www.beasturismo.es/?page_id=798">cultos y fiestas a la Virgen de las Mercedes</a></strong> en Navahermosa. Cerrando el calendario, a primeros de noviembre, la <strong><a href="https://www.beasturismo.es/?page_id=714">Noche de Todos los Santos</a></strong>, en el cementerio.</p>



<p><span style="color:#ffffff" class="has-inline-color">&#8230;&#8230;&#8230;..</span></p>



<div class="wp-block-buttons aligncenter is-layout-flex wp-block-buttons-is-layout-flex">
<div class="wp-block-button is-style-outline is-style-outline--1"><a class="wp-block-button__link" href="https://www.beasturismo.es/?page_id=68">Capeas y Festejos Taurinos en Honor a San Bartolomé</a></div>



<div class="wp-block-button is-style-outline is-style-outline--2"><a class="wp-block-button__link" href="https://www.beasturismo.es/?page_id=115">Carnavales</a></div>



<div class="wp-block-button is-style-outline is-style-outline--3"><a class="wp-block-button__link">Corpues Christi</a></div>



<div class="wp-block-button is-style-outline is-style-outline--4"><a class="wp-block-button__link" href="https://www.beasturismo.es/?page_id=72">Fiestas de Ntra Sra de la Salud</a></div>



<div class="wp-block-button is-style-outline is-style-outline--5"><a class="wp-block-button__link" href="https://www.beasturismo.es/?page_id=798">Fiestas de Ntra Sra de las Mercedes</a></div>



<div class="wp-block-button is-style-outline is-style-outline--6"><a class="wp-block-button__link" href="https://www.beasturismo.es/?page_id=70">Fiestas de San José Obrero</a></div>



<div class="wp-block-button is-style-outline is-style-outline--7"><a class="wp-block-button__link" href="https://www.beasturismo.es/?page_id=130">Navidad</a></div>



<div class="wp-block-button is-style-outline is-style-outline--8"><a class="wp-block-button__link" href="https://www.beasturismo.es/?page_id=714">Noche de Todos los Santos</a></div>



<div class="wp-block-button is-style-outline is-style-outline--9"><a class="wp-block-button__link" href="https://www.beasturismo.es/?page_id=64">Romería de Ntra Sra de los Clarines</a></div>



<div class="wp-block-button is-style-outline is-style-outline--10"><a class="wp-block-button__link" href="https://www.beasturismo.es/?page_id=66">Romería de Ntra Sra de España</a></div>



<div class="wp-block-button is-style-outline is-style-outline--11"><a class="wp-block-button__link" href="https://www.beasturismo.es/?page_id=113">Semana Santa</a></div>
</div>
