{"id":56,"date":"2020-07-07T08:41:12","date_gmt":"2020-07-07T08:41:12","guid":{"rendered":"https:\/\/www.beasturismo.es\/?page_id=56"},"modified":"2021-02-09T21:24:59","modified_gmt":"2021-02-09T21:24:59","slug":"fuente-de-la-corcha","status":"publish","type":"page","link":"https:\/\/www.beasturismo.es\/?page_id=56","title":{"rendered":"Fuente De La Corcha"},"content":{"rendered":"\n\n<a class=\"is-style-outline--1 is-layout-flex wp-block-buttons-is-layout-flex\" href=\"https:\/\/www.beasturismo.es\/?page_id=1175\">Qu\u00e9 ver en Fuente de la Corcha<\/a>\n\nhttps:\/\/youtu.be\/DK7MUQCuh9Q<p><strong>Fuente de la Corcha<\/strong> est\u00e1 situado en un amplio y extenso valle con peque\u00f1as colinas al noroeste del municipio, junto a la frontera con Trigueros.\u00a0Sus or\u00edgenes, al igual que Cand\u00f3n, tambi\u00e9n est\u00e1n vinculados a la colonizaci\u00f3n agraria de este espacio por los vecinos de Valverde del Camino. Debi\u00f3 configurarse como n\u00facleo urbano en el siglo XIX, cuando hacia 1880 se construyen las primeras casas de la entonces aldea.<\/p>\n<p>Su nombre parece que deriva de una fuente existente en este paraje que era conocida como la Fuente del Corcho, porque en sus aguas siempre flotaba un cuchar\u00f3n de este material, y era el lugar en el que pernoctaban los arrieros que desde la costa se dirig\u00edan hacia el interior de la provincia con sus mercader\u00edas para comercializarlas en las tierras del And\u00e9valo.<\/p><p>Su <strong>caser\u00edo tradicional<\/strong>, nacido a partir de fines del <strong>siglo XIX<\/strong>, presenta casas de una o dos plantas, con puerta entre dos ventanas, y en el caso de tener piso superior, sobre la puerta aparece un balc\u00f3n o ventana. Por lo general las cubiertas de las mismas son a dos aguas, y saliendo de la cubierta aparecen los tiros de las chimeneas. A este caser\u00edo tradicional se ha ido uniendo recientemente un conjunto de nuevas residencias que rompen abiertamente los tradicionales par\u00e1metros arquitect\u00f3nicos.<\/p>","protected":false},"excerpt":{"rendered":"<p>https:\/\/youtu.be\/DK7MUQCuh9Q Fuente de la Corcha est\u00e1 situado en un amplio y extenso valle con peque\u00f1as [&hellip;]<\/p>\n","protected":false},"author":2,"featured_media":0,"parent":0,"menu_order":0,"comment_status":"closed","ping_status":"closed","template":"","meta":{"footnotes":""},"class_list":["post-56","page","type-page","status-publish","hentry"],"jetpack_sharing_enabled":true,"_links":{"self":[{"href":"https:\/\/www.beasturismo.es\/index.php?rest_route=\/wp\/v2\/pages\/56","targetHints":{"allow":["GET"]}}],"collection":[{"href":"https:\/\/www.beasturismo.es\/index.php?rest_route=\/wp\/v2\/pages"}],"about":[{"href":"https:\/\/www.beasturismo.es\/index.php?rest_route=\/wp\/v2\/types\/page"}],"author":[{"embeddable":true,"href":"https:\/\/www.beasturismo.es\/index.php?rest_route=\/wp\/v2\/users\/2"}],"replies":[{"embeddable":true,"href":"https:\/\/www.beasturismo.es\/index.php?rest_route=%2Fwp%2Fv2%2Fcomments&post=56"}],"version-history":[{"count":35,"href":"https:\/\/www.beasturismo.es\/index.php?rest_route=\/wp\/v2\/pages\/56\/revisions"}],"predecessor-version":[{"id":1452,"href":"https:\/\/www.beasturismo.es\/index.php?rest_route=\/wp\/v2\/pages\/56\/revisions\/1452"}],"wp:attachment":[{"href":"https:\/\/www.beasturismo.es\/index.php?rest_route=%2Fwp%2Fv2%2Fmedia&parent=56"}],"curies":[{"name":"wp","href":"https:\/\/api.w.org\/{rel}","templated":true}]}}