{"id":68,"date":"2020-07-07T08:49:28","date_gmt":"2020-07-07T08:49:28","guid":{"rendered":"https:\/\/www.beasturismo.es\/?page_id=68"},"modified":"2021-01-25T13:08:36","modified_gmt":"2021-01-25T13:08:36","slug":"capeas","status":"publish","type":"page","link":"https:\/\/www.beasturismo.es\/?page_id=68","title":{"rendered":"Capeas"},"content":{"rendered":"<p style=\"text-align: center;\"><strong>\u00a1Viva San Bartolom\u00e9! \u00a1Viva!<\/strong><\/p>\t\t\n\t\t\t\t<figure><img decoding=\"async\" src=\"https:\/\/www.beasturismo.es\/wp-content\/uploads\/2020\/08\/CAPEAS-OLD-300x191.jpg\" alt=\"Capeas Beas\" \/><\/figure><figure><img decoding=\"async\" src=\"https:\/\/www.beasturismo.es\/wp-content\/uploads\/2021\/01\/P1090692-300x169.jpg\" alt=\"P1090692\" \/><\/figure><figure><img decoding=\"async\" src=\"https:\/\/www.beasturismo.es\/wp-content\/uploads\/2021\/01\/P1090743-300x169.jpg\" alt=\"P1090743\" \/><\/figure><figure><img decoding=\"async\" src=\"https:\/\/www.beasturismo.es\/wp-content\/uploads\/2021\/01\/P1090700-300x169.jpg\" alt=\"P1090700\" \/><\/figure>\t\t\t\n\t\t\t\t\t\tAnterior\n\t\t\t\t\t\tSiguiente\n\t\t<p>Una de estas tradicionales se\u00f1as de identidad, vinculada al pueblo de Beas desde sus or\u00edgenes, son las celebraciones lit\u00fargicas y populares en honor de San Bartolom\u00e9, santo titular de la \u00fanica parroquia del pueblo, y, por tanto, patrono protector del mismo, desde la erecci\u00f3n de la parroquia tras la conquista castellana en el <strong>siglo XIII<\/strong>.<\/p>\n<p><!-- \/wp:post-content --><!-- wp:paragraph --><\/p>\n<p>Desde esos primeros momentos, el d\u00eda 24 de agosto, fiesta lit\u00fargica dedicada a San Bartolom\u00e9 por la Iglesia Cat\u00f3lica, ha sido una jornada festiva en el pueblo, la cual se conmemoraba con distintos actos festivos que ten\u00edan como espacio de desarrollo principal la plaza del pueblo, la actual Plaza de Espa\u00f1a.<\/p>\n<p><!-- \/wp:paragraph --><!-- wp:paragraph --><\/p>\n<p>En el a\u00f1o <strong>1782<\/strong>, el rey Carlos III concede al Ayuntamiento de Beas la celebraci\u00f3n de una feria agr\u00edcola y ganadera coincidiendo con la festividad de San Bartolom\u00e9, la cual tendr\u00eda lugar durante los d\u00edas 25 y 26 de agosto, los dos posteriores a la festividad de San Bartolom\u00e9.\u00a0\u00a0<\/p>\n<p><!-- \/wp:paragraph --><\/p>\n<p>Esa feria se va a desarrollar en la Plaza y en el Cordel de Portugal (las actuales calles Bel\u00e9n Viviente y Andaluc\u00eda \u2013 d\u00f3nde ten\u00edan lugar los actos ganaderos). Esta feria agr\u00edcola y ganadera ser\u00e1 la que dar\u00e1 origen a la actual feria del pueblo.<\/p>\n<p><!-- \/wp:paragraph --><!-- wp:paragraph --><\/p>\n<p>Cincuenta a\u00f1os m\u00e1s tarde, en <strong>1835<\/strong>, comenzar\u00e1n a celebrarse las primeras corridas de toros coincidiendo con la feria de San Bartolom\u00e9. En sus primeros a\u00f1os la plaza de toros ideada para la celebraci\u00f3n de los festejos taurinos debi\u00f3 ejecutarse de un modo bastante espont\u00e1neo, es decir, aportando los vecinos de la poblaci\u00f3n sus carros a fin de conformar un espacio cerrado y relativamente confortable desde el que poder disfrutar del espect\u00e1culo taurino.<\/p>\n<p><!-- \/wp:paragraph --><!-- wp:paragraph --><\/p>\n<p>Conforme vaya pasando el tiempo esta espontaneidad inicial con la que fue trazado el cuadril\u00e1tero taurino fue poco a poco perdi\u00e9ndose en beneficio de una mejor organizaci\u00f3n, impuesta por criterios de comodidad y espacio, dando lugar a la actual Y singular plaza de toros que cada a\u00f1o se construye en este espacio, realizada con empalizadas, andamios de madera y ruedas de carros, conocidas popularmente como \u201clas carretas\u201d.<\/p>\n<p><!-- \/wp:paragraph --><!-- wp:paragraph --><\/p>\n<p>En la actualidad las <b>Fiestas en honor de San Bartolom\u00e9<\/b> conjugan esos tres aspectos festivos:<strong> el lit\u00fargico, las capeas populares y la feria.<\/strong> Cada a\u00f1o, en torno al d\u00eda de San Bartolom\u00e9, se celebran en Beas las fiestas oficiales del municipio:<br \/><br \/>&#8211;<strong><em>De ma\u00f1ana<\/em><\/strong>, sobre las diez, los beasinos se dirigen al lugar en el que se va a proceder al embarque del ganado que ser\u00e1 lidiado ese d\u00eda. All\u00ed los grupos de amigos pasan la ma\u00f1ana acompa\u00f1ados de variadas tapas y vino, hasta que llega el momento del embarque, lleno de gran belleza, y en el que las vacas son introducidas en el cami\u00f3n que las llevar\u00e1 hasta el pueblo. Luego, se regresa al pueblo para efectuar la suelta de las vaquillas, que desde el final de la calle San Sebasti\u00e1n partir\u00e1n hacia la Plaza, en medio de dos hileras de continuas de \u00abjaulas\u00bb, nombre con el que se conocen a las empalizadas construidas en la calle para presenciar la suelta de vaquillas.<\/p>\n<p><!-- \/wp:paragraph --><!-- wp:paragraph --><\/p>\n<p>Cuando llegan a la plaza se procede al encierro del ganado, para que luego las vaquillas descansen hasta la corrida de la tarde. Pero antes, se efect\u00faa la lidia de una vaquilla, a la que se conoce popularmente como la \u00abvaca del aguardiente\u00bb.<\/p>\n<p><!-- \/wp:paragraph --><!-- wp:paragraph --><\/p>\n<p>&#8211;<strong><em>Por la tarde<\/em><\/strong>, a las ocho, tienen lugar los distintos espect\u00e1culos taurinos programados para cada d\u00eda de fiestas &#8211; A plano general: cada una de las 10 o 12 vaquillas embarcadas cada d\u00eda, ser\u00e1n lidiadas en la Plaza para, luego, ser nuevamente soltadas por la calle de los toros, corriendo los mozos tras ellas hasta el final de la misma, donde ser\u00e1n embarcadas en un cami\u00f3n que las devolver\u00e1 al campo. Y as\u00ed durante todos los d\u00edas.<\/p>\n<p><!-- \/wp:paragraph --><!-- wp:paragraph --><\/p>\n<p>&#8211;<strong><em>Las noches de toros son noches de feria<\/em>. <\/strong>Hoy d\u00eda son fiestas en la que los beasinos toman sus refrigerios, copas y tapas, donde charlan en los diferentes bares instalados en el recinto ferial, que se ubica en torno al Pozo del Concejo y la avenida del Bel\u00e9n Viviente. Y en la Caseta Municipal, que anima la noche de feria beasina, tienen lugar distintas actuaciones musicales para amenizar la fiesta.<\/p>\n<p><!-- \/wp:paragraph --><!-- wp:paragraph --><\/p>\n<p><!-- \/wp:paragraph --><!-- wp:paragraph --><\/p>\n<p><strong>El d\u00eda 24 de agosto<\/strong>, festividad de San Bartolom\u00e9 tiene lugar la singular procesi\u00f3n popular del Santo por las calles de Beas, caracterizada por el acompa\u00f1amiento musical al ritmo de pasodobles y sevillanas, en el transcurso de la cual los vecinos agasajan a los acompa\u00f1antes del Patr\u00f3n con dulces, tapas y copas de vino, en un ambiente caracterizado por el j\u00fabilo generalizado y los continuos vivas al Santo.<\/p>\n<p><!-- \/wp:paragraph --><\/p>","protected":false},"excerpt":{"rendered":"<p>\u00a1Viva San Bartolom\u00e9! \u00a1Viva! Anterior Siguiente Una de estas tradicionales se\u00f1as de identidad, vinculada al [&hellip;]<\/p>\n","protected":false},"author":2,"featured_media":0,"parent":0,"menu_order":0,"comment_status":"closed","ping_status":"closed","template":"","meta":{"footnotes":""},"class_list":["post-68","page","type-page","status-publish","hentry"],"jetpack_sharing_enabled":true,"_links":{"self":[{"href":"https:\/\/www.beasturismo.es\/index.php?rest_route=\/wp\/v2\/pages\/68","targetHints":{"allow":["GET"]}}],"collection":[{"href":"https:\/\/www.beasturismo.es\/index.php?rest_route=\/wp\/v2\/pages"}],"about":[{"href":"https:\/\/www.beasturismo.es\/index.php?rest_route=\/wp\/v2\/types\/page"}],"author":[{"embeddable":true,"href":"https:\/\/www.beasturismo.es\/index.php?rest_route=\/wp\/v2\/users\/2"}],"replies":[{"embeddable":true,"href":"https:\/\/www.beasturismo.es\/index.php?rest_route=%2Fwp%2Fv2%2Fcomments&post=68"}],"version-history":[{"count":11,"href":"https:\/\/www.beasturismo.es\/index.php?rest_route=\/wp\/v2\/pages\/68\/revisions"}],"predecessor-version":[{"id":1401,"href":"https:\/\/www.beasturismo.es\/index.php?rest_route=\/wp\/v2\/pages\/68\/revisions\/1401"}],"wp:attachment":[{"href":"https:\/\/www.beasturismo.es\/index.php?rest_route=%2Fwp%2Fv2%2Fmedia&parent=68"}],"curies":[{"name":"wp","href":"https:\/\/api.w.org\/{rel}","templated":true}]}}

<p style="text-align: center;"><strong>¡Viva San Bartolomé! ¡Viva!</strong></p>		
				<figure><img decoding="async" src="https://www.beasturismo.es/wp-content/uploads/2020/08/CAPEAS-OLD-300x191.jpg" alt="Capeas Beas" /></figure><figure><img decoding="async" src="https://www.beasturismo.es/wp-content/uploads/2021/01/P1090692-300x169.jpg" alt="P1090692" /></figure><figure><img decoding="async" src="https://www.beasturismo.es/wp-content/uploads/2021/01/P1090743-300x169.jpg" alt="P1090743" /></figure><figure><img decoding="async" src="https://www.beasturismo.es/wp-content/uploads/2021/01/P1090700-300x169.jpg" alt="P1090700" /></figure>			
						Anterior
						Siguiente
		<p>Una de estas tradicionales señas de identidad, vinculada al pueblo de Beas desde sus orígenes, son las celebraciones litúrgicas y populares en honor de San Bartolomé, santo titular de la única parroquia del pueblo, y, por tanto, patrono protector del mismo, desde la erección de la parroquia tras la conquista castellana en el <strong>siglo XIII</strong>.</p>
<p><!-- /wp:post-content --><!-- wp:paragraph --></p>
<p>Desde esos primeros momentos, el día 24 de agosto, fiesta litúrgica dedicada a San Bartolomé por la Iglesia Católica, ha sido una jornada festiva en el pueblo, la cual se conmemoraba con distintos actos festivos que tenían como espacio de desarrollo principal la plaza del pueblo, la actual Plaza de España.</p>
<p><!-- /wp:paragraph --><!-- wp:paragraph --></p>
<p>En el año <strong>1782</strong>, el rey Carlos III concede al Ayuntamiento de Beas la celebración de una feria agrícola y ganadera coincidiendo con la festividad de San Bartolomé, la cual tendría lugar durante los días 25 y 26 de agosto, los dos posteriores a la festividad de San Bartolomé.  </p>
<p><!-- /wp:paragraph --></p>
<p>Esa feria se va a desarrollar en la Plaza y en el Cordel de Portugal (las actuales calles Belén Viviente y Andalucía – dónde tenían lugar los actos ganaderos). Esta feria agrícola y ganadera será la que dará origen a la actual feria del pueblo.</p>
<p><!-- /wp:paragraph --><!-- wp:paragraph --></p>
<p>Cincuenta años más tarde, en <strong>1835</strong>, comenzarán a celebrarse las primeras corridas de toros coincidiendo con la feria de San Bartolomé. En sus primeros años la plaza de toros ideada para la celebración de los festejos taurinos debió ejecutarse de un modo bastante espontáneo, es decir, aportando los vecinos de la población sus carros a fin de conformar un espacio cerrado y relativamente confortable desde el que poder disfrutar del espectáculo taurino.</p>
<p><!-- /wp:paragraph --><!-- wp:paragraph --></p>
<p>Conforme vaya pasando el tiempo esta espontaneidad inicial con la que fue trazado el cuadrilátero taurino fue poco a poco perdiéndose en beneficio de una mejor organización, impuesta por criterios de comodidad y espacio, dando lugar a la actual Y singular plaza de toros que cada año se construye en este espacio, realizada con empalizadas, andamios de madera y ruedas de carros, conocidas popularmente como “las carretas”.</p>
<p><!-- /wp:paragraph --><!-- wp:paragraph --></p>
<p>En la actualidad las <b>Fiestas en honor de San Bartolomé</b> conjugan esos tres aspectos festivos:<strong> el litúrgico, las capeas populares y la feria.</strong> Cada año, en torno al día de San Bartolomé, se celebran en Beas las fiestas oficiales del municipio:<br /><br />&#8211;<strong><em>De mañana</em></strong>, sobre las diez, los beasinos se dirigen al lugar en el que se va a proceder al embarque del ganado que será lidiado ese día. Allí los grupos de amigos pasan la mañana acompañados de variadas tapas y vino, hasta que llega el momento del embarque, lleno de gran belleza, y en el que las vacas son introducidas en el camión que las llevará hasta el pueblo. Luego, se regresa al pueblo para efectuar la suelta de las vaquillas, que desde el final de la calle San Sebastián partirán hacia la Plaza, en medio de dos hileras de continuas de «jaulas», nombre con el que se conocen a las empalizadas construidas en la calle para presenciar la suelta de vaquillas.</p>
<p><!-- /wp:paragraph --><!-- wp:paragraph --></p>
<p>Cuando llegan a la plaza se procede al encierro del ganado, para que luego las vaquillas descansen hasta la corrida de la tarde. Pero antes, se efectúa la lidia de una vaquilla, a la que se conoce popularmente como la «vaca del aguardiente».</p>
<p><!-- /wp:paragraph --><!-- wp:paragraph --></p>
<p>&#8211;<strong><em>Por la tarde</em></strong>, a las ocho, tienen lugar los distintos espectáculos taurinos programados para cada día de fiestas &#8211; A plano general: cada una de las 10 o 12 vaquillas embarcadas cada día, serán lidiadas en la Plaza para, luego, ser nuevamente soltadas por la calle de los toros, corriendo los mozos tras ellas hasta el final de la misma, donde serán embarcadas en un camión que las devolverá al campo. Y así durante todos los días.</p>
<p><!-- /wp:paragraph --><!-- wp:paragraph --></p>
<p>&#8211;<strong><em>Las noches de toros son noches de feria</em>. </strong>Hoy día son fiestas en la que los beasinos toman sus refrigerios, copas y tapas, donde charlan en los diferentes bares instalados en el recinto ferial, que se ubica en torno al Pozo del Concejo y la avenida del Belén Viviente. Y en la Caseta Municipal, que anima la noche de feria beasina, tienen lugar distintas actuaciones musicales para amenizar la fiesta.</p>
<p><!-- /wp:paragraph --><!-- wp:paragraph --></p>
<p><!-- /wp:paragraph --><!-- wp:paragraph --></p>
<p><strong>El día 24 de agosto</strong>, festividad de San Bartolomé tiene lugar la singular procesión popular del Santo por las calles de Beas, caracterizada por el acompañamiento musical al ritmo de pasodobles y sevillanas, en el transcurso de la cual los vecinos agasajan a los acompañantes del Patrón con dulces, tapas y copas de vino, en un ambiente caracterizado por el júbilo generalizado y los continuos vivas al Santo.</p>
<p><!-- /wp:paragraph --></p>

<p>¡Viva San Bartolomé! ¡Viva! Anterior Siguiente Una de estas tradicionales señas de identidad, vinculada al [&hellip;]</p>
