{"id":70,"date":"2020-07-07T08:49:55","date_gmt":"2020-07-07T08:49:55","guid":{"rendered":"https:\/\/www.beasturismo.es\/?page_id=70"},"modified":"2020-08-28T18:16:46","modified_gmt":"2020-08-28T18:16:46","slug":"fiestas-de-san-jose-obrero","status":"publish","type":"page","link":"https:\/\/www.beasturismo.es\/?page_id=70","title":{"rendered":"Fiestas de San Jos\u00e9 Obrero"},"content":{"rendered":"<p><img loading=\"lazy\" decoding=\"async\" width=\"660\" height=\"365\" src=\"https:\/\/www.beasturismo.es\/wp-content\/uploads\/2020\/08\/San-Jos\u00e9-Obrero.jpg\" alt=\"\" srcset=\"https:\/\/www.beasturismo.es\/wp-content\/uploads\/2020\/08\/San-Jos\u00e9-Obrero.jpg 660w, https:\/\/www.beasturismo.es\/wp-content\/uploads\/2020\/08\/San-Jos\u00e9-Obrero-300x166.jpg 300w\" sizes=\"auto, (max-width: 660px) 100vw, 660px\" \/>\t\t\t\t\t\t\t\t\t\t\t<\/p>\n<p>El primero de mayo representa para los candoneros el principal acontecimiento que se vive en el pueblo durante todo el a\u00f1o:<br \/>las<strong> fiestas de San Jos\u00e9 Obrero<\/strong>, patr\u00f3n de la localidad.<\/p>\n<p>Se trata de una larga tradici\u00f3n festiva que se inici\u00f3 en el a\u00f1o <strong>1915<\/strong>, hace poco m\u00e1s de un siglo, cuando la entonces aldea de Cand\u00f3n empez\u00f3 a adquirir su identidad madura como pueblo. Primero se dedic\u00f3 la fiesta <br \/>al Sagrado Coraz\u00f3n de Jes\u00fas, una advocaci\u00f3n muy recurrente en aquel momento hist\u00f3rico, pero, m\u00e1s tarde, desde <strong>1924<\/strong>, se decide consagrar <br \/>la fiesta en honor del Patriarca San Jos\u00e9, una figura que representa mejor <br \/>el esp\u00edritu de trabajo y esfuerzo.<\/p>\n<p><strong>Estas populares fiestas se celebran coincidiendo con el fin de semana m\u00e1s pr\u00f3ximo a la festividad del Santo, el Primero de Mayo<\/strong>. En la tarde del viernes se celebran el Preg\u00f3n de las fiestas, y la jornada del domingo est\u00e1 dedicada a la procesi\u00f3n popular del Santo Patr\u00f3n por todas y cada una de las casas del pueblo.<\/p>\n","protected":false},"excerpt":{"rendered":"<p>El primero de mayo representa para los candoneros el principal acontecimiento que se vive en [&hellip;]<\/p>\n","protected":false},"author":2,"featured_media":0,"parent":0,"menu_order":0,"comment_status":"closed","ping_status":"closed","template":"","meta":{"footnotes":""},"class_list":["post-70","page","type-page","status-publish","hentry"],"jetpack_sharing_enabled":true,"_links":{"self":[{"href":"https:\/\/www.beasturismo.es\/index.php?rest_route=\/wp\/v2\/pages\/70","targetHints":{"allow":["GET"]}}],"collection":[{"href":"https:\/\/www.beasturismo.es\/index.php?rest_route=\/wp\/v2\/pages"}],"about":[{"href":"https:\/\/www.beasturismo.es\/index.php?rest_route=\/wp\/v2\/types\/page"}],"author":[{"embeddable":true,"href":"https:\/\/www.beasturismo.es\/index.php?rest_route=\/wp\/v2\/users\/2"}],"replies":[{"embeddable":true,"href":"https:\/\/www.beasturismo.es\/index.php?rest_route=%2Fwp%2Fv2%2Fcomments&post=70"}],"version-history":[{"count":2,"href":"https:\/\/www.beasturismo.es\/index.php?rest_route=\/wp\/v2\/pages\/70\/revisions"}],"predecessor-version":[{"id":708,"href":"https:\/\/www.beasturismo.es\/index.php?rest_route=\/wp\/v2\/pages\/70\/revisions\/708"}],"wp:attachment":[{"href":"https:\/\/www.beasturismo.es\/index.php?rest_route=%2Fwp%2Fv2%2Fmedia&parent=70"}],"curies":[{"name":"wp","href":"https:\/\/api.w.org\/{rel}","templated":true}]}}

Fiestas de San José Obrero

<p><img loading="lazy" decoding="async" width="660" height="365" src="https://www.beasturismo.es/wp-content/uploads/2020/08/San-José-Obrero.jpg" alt="" srcset="https://www.beasturismo.es/wp-content/uploads/2020/08/San-José-Obrero.jpg 660w, https://www.beasturismo.es/wp-content/uploads/2020/08/San-José-Obrero-300x166.jpg 300w" sizes="auto, (max-width: 660px) 100vw, 660px" />											</p>
<p>El primero de mayo representa para los candoneros el principal acontecimiento que se vive en el pueblo durante todo el año:<br />las<strong> fiestas de San José Obrero</strong>, patrón de la localidad.</p>
<p>Se trata de una larga tradición festiva que se inició en el año <strong>1915</strong>, hace poco más de un siglo, cuando la entonces aldea de Candón empezó a adquirir su identidad madura como pueblo. Primero se dedicó la fiesta <br />al Sagrado Corazón de Jesús, una advocación muy recurrente en aquel momento histórico, pero, más tarde, desde <strong>1924</strong>, se decide consagrar <br />la fiesta en honor del Patriarca San José, una figura que representa mejor <br />el espíritu de trabajo y esfuerzo.</p>
<p><strong>Estas populares fiestas se celebran coincidiendo con el fin de semana más próximo a la festividad del Santo, el Primero de Mayo</strong>. En la tarde del viernes se celebran el Pregón de las fiestas, y la jornada del domingo está dedicada a la procesión popular del Santo Patrón por todas y cada una de las casas del pueblo.</p>
