{"id":714,"date":"2020-08-28T18:46:00","date_gmt":"2020-08-28T18:46:00","guid":{"rendered":"https:\/\/www.beasturismo.es\/?page_id=714"},"modified":"2020-09-03T16:04:47","modified_gmt":"2020-09-03T16:04:47","slug":"noche-de-todos-los-santos","status":"publish","type":"page","link":"https:\/\/www.beasturismo.es\/?page_id=714","title":{"rendered":"Noche de Todos los Santos"},"content":{"rendered":"<p>Beas es un pueblo que celebra especialmente esta fiesta, ya que sus ritos funerarios est\u00e1n muy arraigados, como la despedida solemne en la Cruz de los mozos a las personas que han fallecido (donde el que el cortejo f\u00fanebre hace una reverencia y desfila uno por uno delante del f\u00e9retro), hasta <strong>la noche de los \u201cto Santos\u201d<\/strong> donde un sinf\u00edn de velas ilumina el precioso cementerio de la localidad, sin ning\u00fan tipo de luz artificial, momento que aprovechan muchos beasinos para visitar a sus seres queridos en un ambiente \u00edntimo y casi et\u00e9reo.<\/p>\n<p>D\u00edas previos a esta noche o a lo largo de este mismo d\u00eda, como marca la tradici\u00f3n, los vecinos de Beas se acercan al cementerio para limpiar los nichos, poner velas y decorar con flores. <strong>Es una noche dedicada a ellos, a los que ya no est\u00e1n, a los que volveremos a ver, a ser, y con los que nos volveremos a reunir, a re\u00edr y a disfrutar de la vida.<\/strong><\/p>\n<p>Por la noche, el cementerio queda iluminado por las velas, la luna y las estrellas. Abrazado por el calor de los vecinos que se acercan a velar a sus familiares. Amenizado por el sonido de la noche y por el murmullo y la voz baja.<\/p>\n","protected":false},"excerpt":{"rendered":"<p>Beas es un pueblo que celebra especialmente esta fiesta, ya que sus ritos funerarios est\u00e1n [&hellip;]<\/p>\n","protected":false},"author":2,"featured_media":0,"parent":0,"menu_order":0,"comment_status":"closed","ping_status":"closed","template":"","meta":{"footnotes":""},"class_list":["post-714","page","type-page","status-publish","hentry"],"jetpack_sharing_enabled":true,"_links":{"self":[{"href":"https:\/\/www.beasturismo.es\/index.php?rest_route=\/wp\/v2\/pages\/714","targetHints":{"allow":["GET"]}}],"collection":[{"href":"https:\/\/www.beasturismo.es\/index.php?rest_route=\/wp\/v2\/pages"}],"about":[{"href":"https:\/\/www.beasturismo.es\/index.php?rest_route=\/wp\/v2\/types\/page"}],"author":[{"embeddable":true,"href":"https:\/\/www.beasturismo.es\/index.php?rest_route=\/wp\/v2\/users\/2"}],"replies":[{"embeddable":true,"href":"https:\/\/www.beasturismo.es\/index.php?rest_route=%2Fwp%2Fv2%2Fcomments&post=714"}],"version-history":[{"count":4,"href":"https:\/\/www.beasturismo.es\/index.php?rest_route=\/wp\/v2\/pages\/714\/revisions"}],"predecessor-version":[{"id":725,"href":"https:\/\/www.beasturismo.es\/index.php?rest_route=\/wp\/v2\/pages\/714\/revisions\/725"}],"wp:attachment":[{"href":"https:\/\/www.beasturismo.es\/index.php?rest_route=%2Fwp%2Fv2%2Fmedia&parent=714"}],"curies":[{"name":"wp","href":"https:\/\/api.w.org\/{rel}","templated":true}]}}