{"id":798,"date":"2020-08-31T13:34:13","date_gmt":"2020-08-31T13:34:13","guid":{"rendered":"https:\/\/www.beasturismo.es\/?page_id=798"},"modified":"2021-01-25T13:02:49","modified_gmt":"2021-01-25T13:02:49","slug":"fiestas-de-ntra-sra-de-las-mercedes","status":"publish","type":"page","link":"https:\/\/www.beasturismo.es\/?page_id=798","title":{"rendered":"Fiestas de Ntra Sra de las Mercedes"},"content":{"rendered":"<p><img decoding=\"async\" width=\"1024\" height=\"954\" src=\"https:\/\/www.beasturismo.es\/wp-content\/uploads\/2020\/08\/Virgen-de-las-Mercedes-de-Navahermosa-1024x954.jpg\" alt=\"\" loading=\"lazy\" srcset=\"https:\/\/www.beasturismo.es\/wp-content\/uploads\/2020\/08\/Virgen-de-las-Mercedes-de-Navahermosa-1024x954.jpg 1024w, https:\/\/www.beasturismo.es\/wp-content\/uploads\/2020\/08\/Virgen-de-las-Mercedes-de-Navahermosa-300x279.jpg 300w, https:\/\/www.beasturismo.es\/wp-content\/uploads\/2020\/08\/Virgen-de-las-Mercedes-de-Navahermosa-768x715.jpg 768w, https:\/\/www.beasturismo.es\/wp-content\/uploads\/2020\/08\/Virgen-de-las-Mercedes-de-Navahermosa-1536x1430.jpg 1536w, https:\/\/www.beasturismo.es\/wp-content\/uploads\/2020\/08\/Virgen-de-las-Mercedes-de-Navahermosa-2048x1907.jpg 2048w\" sizes=\"auto, (max-width: 1024px) 100vw, 1024px\" \/>\t\t\t\t\t\t\t\t\t\t\t<\/p>\n<p>Las\u00a0<strong>fiestas patronales<\/strong>\u00a0de Ntra. Sra. de las Mercedes se celebran en Navahermosa el\u00a0<strong>pen\u00faltimo fin de semana del mes de septiembre<\/strong>.<br data-rich-text-line-break=\"true\" \/><br data-rich-text-line-break=\"true\" \/>La apertura de las fiestas se inicia el <strong>viernes<\/strong> por la tarde, sobre las 20.30h, con la inauguraci\u00f3n de una exposici\u00f3n, la cual var\u00eda cada a\u00f1o: pintura, fotos&#8230; Una hora m\u00e1s tarde, 21.30h, comienza el Santo Rosario Procesional, desde la Ermita antig\u00fca, haciendo un recorrido por las diferentes calles de la aldea. A eso de las 22.00h se inicia el Preg\u00f3n y cuando \u00e9ste termina, los vecinos, se dirigen a la Casa de Hermandad a celebrar y bailar con las diferentes actuaciones.<br data-rich-text-line-break=\"true\" \/><br data-rich-text-line-break=\"true\" \/>Por la ma\u00f1ana del <strong>s\u00e1bado<\/strong> se har\u00e1n diferentes actividades orientadas a los m\u00e1s peque\u00f1os de la casa con una sesi\u00f3n de juegos populares infantiles; A las 19.30h, en la Ermita Nueva, se celebrar\u00e1 la Santa Misa en Honor a la Virgen y tras ella la procesi\u00f3n de la Virgen de las Mercedes por las calles de aldea. Y por la noche, al igual que el viernes, la Casa de la Hermandad abrir\u00e1 sus puertas con diferentes actuaciones.<br data-rich-text-line-break=\"true\" \/><br data-rich-text-line-break=\"true\" \/>El <strong>domingo<\/strong> al mediod\u00eda se finalizan las fiestas con una sesi\u00f3n de Vermut en la Casa de la Hermandad con la tradicional subasta de enseres y al ritmo de una banda o de un grupo musical.<\/p>\n","protected":false},"excerpt":{"rendered":"<p>Las\u00a0fiestas patronales\u00a0de Ntra. Sra. de las Mercedes se celebran en Navahermosa el\u00a0pen\u00faltimo fin de semana [&hellip;]<\/p>\n","protected":false},"author":2,"featured_media":0,"parent":0,"menu_order":0,"comment_status":"closed","ping_status":"closed","template":"","meta":{"footnotes":""},"class_list":["post-798","page","type-page","status-publish","hentry"],"jetpack_sharing_enabled":true,"_links":{"self":[{"href":"https:\/\/www.beasturismo.es\/index.php?rest_route=\/wp\/v2\/pages\/798","targetHints":{"allow":["GET"]}}],"collection":[{"href":"https:\/\/www.beasturismo.es\/index.php?rest_route=\/wp\/v2\/pages"}],"about":[{"href":"https:\/\/www.beasturismo.es\/index.php?rest_route=\/wp\/v2\/types\/page"}],"author":[{"embeddable":true,"href":"https:\/\/www.beasturismo.es\/index.php?rest_route=\/wp\/v2\/users\/2"}],"replies":[{"embeddable":true,"href":"https:\/\/www.beasturismo.es\/index.php?rest_route=%2Fwp%2Fv2%2Fcomments&post=798"}],"version-history":[{"count":25,"href":"https:\/\/www.beasturismo.es\/index.php?rest_route=\/wp\/v2\/pages\/798\/revisions"}],"predecessor-version":[{"id":1396,"href":"https:\/\/www.beasturismo.es\/index.php?rest_route=\/wp\/v2\/pages\/798\/revisions\/1396"}],"wp:attachment":[{"href":"https:\/\/www.beasturismo.es\/index.php?rest_route=%2Fwp%2Fv2%2Fmedia&parent=798"}],"curies":[{"name":"wp","href":"https:\/\/api.w.org\/{rel}","templated":true}]}}