{"id":823,"date":"2020-08-31T13:41:31","date_gmt":"2020-08-31T13:41:31","guid":{"rendered":"https:\/\/www.beasturismo.es\/?page_id=823"},"modified":"2020-08-31T13:47:00","modified_gmt":"2020-08-31T13:47:00","slug":"clarines-chico","status":"publish","type":"page","link":"https:\/\/www.beasturismo.es\/?page_id=823","title":{"rendered":"Clarines Chico"},"content":{"rendered":"<p><img loading=\"lazy\" decoding=\"async\" width=\"800\" height=\"742\" src=\"https:\/\/www.beasturismo.es\/wp-content\/uploads\/2020\/08\/clarines_chicos-beas.jpg\" alt=\"\" srcset=\"https:\/\/www.beasturismo.es\/wp-content\/uploads\/2020\/08\/clarines_chicos-beas.jpg 800w, https:\/\/www.beasturismo.es\/wp-content\/uploads\/2020\/08\/clarines_chicos-beas-300x278.jpg 300w, https:\/\/www.beasturismo.es\/wp-content\/uploads\/2020\/08\/clarines_chicos-beas-768x712.jpg 768w\" sizes=\"auto, (max-width: 800px) 100vw, 800px\" \/>\t\t\t\t\t\t\t\t\t\t\t<\/p>\n<p style=\"margin: 0cm 0cm 24.3pt 0cm;\"><strong>Clarines Chico\u00a0\u2013\u00a0<\/strong>Febrero<\/p>\n<p style=\"box-sizing: border-box; margin: 0cm 0cm 24.3pt 0cm;\">Todo comenz\u00f3 en 1970 como acto de Acci\u00f3n de Gracias ante la Virgen de los Clarines por haber evitado consecuencias mayores en el terremoto que afect\u00f3 a la poblaci\u00f3n un a\u00f1o antes, el 28 de febrero de 1969, el cual no caus\u00f3 da\u00f1o alguno a los habitantes del pueblo y solo caus\u00f3 desperfectos en la Ermita. A partir de entonces, cada a\u00f1o,\u00a0<strong style=\"box-sizing: border-box;\">el \u00faltimo domingo de febrero<\/strong>\u00a0el pueblo de Beas acompa\u00f1a al Simpecado de la Virgen hasta el santuario para celebrar una\u00a0<strong style=\"box-sizing: border-box;\">misa de Acci\u00f3n de Gracias<\/strong>\u00a0ante la Patrona del pueblo.<\/p>\n<p style=\"box-sizing: border-box; margin: 0cm 0cm 24.3pt 0cm;\">Clarines Chico comenzar\u00e1\u00a0\u00a0<u>el s\u00e1bado<\/u>\u00a0a las 10 de la ma\u00f1ana, con una peregrinaci\u00f3n del simpecado de la Hermandad desde Beas hac\u00eda Clarines.\u00a0<\/p>\n<p style=\"box-sizing: border-box; margin: 0cm 0cm 24.3pt 0cm;\">La comitiva se compone de romeros a pie, caballos y carros tradicionales. A fecha de hoy hay inscritos en la comitiva\u00a0 m\u00e1s de 40 carros de tracci\u00f3n mec\u00e1nica y animal. El cortejo ir\u00e1 acompa\u00f1ado de los tamborileros.<\/p>\n<p>A las 12.00 horas, por el camino, se rezar\u00e1 el \u00c1ngelus. La llegada a Clarines est\u00e1 prevista las 14.00 horas, donde\u00a0 se rezar\u00e1 la Salve en la ermita. A las 21.00 horas est\u00e1 previsto el rosario de velas alrededor de la Ermita. Y\u00a0<u>el domingo<\/u>\u00a0a las 12.00 de la ma\u00f1ana se celebrar\u00e1 la misa de Acci\u00f3n de Gracias. En la cual y durante la misa, se impondr\u00e1 la medalla de la Hermandad a\u00a0<a style=\"box-sizing: border-box; box-shadow: none; color: #000000;\" href=\"https:\/\/www.beasturismo.es\/?page_id=127\">los quintos<\/a>.<\/p>\n","protected":false},"excerpt":{"rendered":"<p>Clarines Chico\u00a0\u2013\u00a0Febrero Todo comenz\u00f3 en 1970 como acto de Acci\u00f3n de Gracias ante la Virgen [&hellip;]<\/p>\n","protected":false},"author":2,"featured_media":0,"parent":0,"menu_order":0,"comment_status":"closed","ping_status":"closed","template":"","meta":{"footnotes":""},"class_list":["post-823","page","type-page","status-publish","hentry"],"jetpack_sharing_enabled":true,"_links":{"self":[{"href":"https:\/\/www.beasturismo.es\/index.php?rest_route=\/wp\/v2\/pages\/823","targetHints":{"allow":["GET"]}}],"collection":[{"href":"https:\/\/www.beasturismo.es\/index.php?rest_route=\/wp\/v2\/pages"}],"about":[{"href":"https:\/\/www.beasturismo.es\/index.php?rest_route=\/wp\/v2\/types\/page"}],"author":[{"embeddable":true,"href":"https:\/\/www.beasturismo.es\/index.php?rest_route=\/wp\/v2\/users\/2"}],"replies":[{"embeddable":true,"href":"https:\/\/www.beasturismo.es\/index.php?rest_route=%2Fwp%2Fv2%2Fcomments&post=823"}],"version-history":[{"count":2,"href":"https:\/\/www.beasturismo.es\/index.php?rest_route=\/wp\/v2\/pages\/823\/revisions"}],"predecessor-version":[{"id":825,"href":"https:\/\/www.beasturismo.es\/index.php?rest_route=\/wp\/v2\/pages\/823\/revisions\/825"}],"wp:attachment":[{"href":"https:\/\/www.beasturismo.es\/index.php?rest_route=%2Fwp%2Fv2%2Fmedia&parent=823"}],"curies":[{"name":"wp","href":"https:\/\/api.w.org\/{rel}","templated":true}]}}

<p><img loading="lazy" decoding="async" width="800" height="742" src="https://www.beasturismo.es/wp-content/uploads/2020/08/clarines_chicos-beas.jpg" alt="" srcset="https://www.beasturismo.es/wp-content/uploads/2020/08/clarines_chicos-beas.jpg 800w, https://www.beasturismo.es/wp-content/uploads/2020/08/clarines_chicos-beas-300x278.jpg 300w, https://www.beasturismo.es/wp-content/uploads/2020/08/clarines_chicos-beas-768x712.jpg 768w" sizes="auto, (max-width: 800px) 100vw, 800px" />											</p>
<p style="margin: 0cm 0cm 24.3pt 0cm;"><strong>Clarines Chico – </strong>Febrero</p>
<p style="box-sizing: border-box; margin: 0cm 0cm 24.3pt 0cm;">Todo comenzó en 1970 como acto de Acción de Gracias ante la Virgen de los Clarines por haber evitado consecuencias mayores en el terremoto que afectó a la población un año antes, el 28 de febrero de 1969, el cual no causó daño alguno a los habitantes del pueblo y solo causó desperfectos en la Ermita. A partir de entonces, cada año, <strong style="box-sizing: border-box;">el último domingo de febrero</strong> el pueblo de Beas acompaña al Simpecado de la Virgen hasta el santuario para celebrar una <strong style="box-sizing: border-box;">misa de Acción de Gracias</strong> ante la Patrona del pueblo.</p>
<p style="box-sizing: border-box; margin: 0cm 0cm 24.3pt 0cm;">Clarines Chico comenzará  <u>el sábado</u> a las 10 de la mañana, con una peregrinación del simpecado de la Hermandad desde Beas hacía Clarines. </p>
<p style="box-sizing: border-box; margin: 0cm 0cm 24.3pt 0cm;">La comitiva se compone de romeros a pie, caballos y carros tradicionales. A fecha de hoy hay inscritos en la comitiva  más de 40 carros de tracción mecánica y animal. El cortejo irá acompañado de los tamborileros.</p>
<p>A las 12.00 horas, por el camino, se rezará el Ángelus. La llegada a Clarines está prevista las 14.00 horas, donde  se rezará la Salve en la ermita. A las 21.00 horas está previsto el rosario de velas alrededor de la Ermita. Y <u>el domingo</u> a las 12.00 de la mañana se celebrará la misa de Acción de Gracias. En la cual y durante la misa, se impondrá la medalla de la Hermandad a <a style="box-sizing: border-box; box-shadow: none; color: #000000;" href="https://www.beasturismo.es/?page_id=127">los quintos</a>.</p>

<p>Clarines Chico – Febrero Todo comenzó en 1970 como acto de Acción de Gracias ante la Virgen [&hellip;]</p>
