{"id":880,"date":"2020-09-03T16:11:24","date_gmt":"2020-09-03T16:11:24","guid":{"rendered":"https:\/\/www.beasturismo.es\/?page_id=880"},"modified":"2020-09-07T19:37:20","modified_gmt":"2020-09-07T19:37:20","slug":"ruta-del-odiel","status":"publish","type":"page","link":"https:\/\/www.beasturismo.es\/?page_id=880","title":{"rendered":"Ruta del Odiel"},"content":{"rendered":"<p><img loading=\"lazy\" decoding=\"async\" width=\"721\" height=\"1024\" src=\"https:\/\/www.beasturismo.es\/wp-content\/uploads\/2020\/09\/Ruta-del-Odiel-721x1024.jpg\" alt=\"\" srcset=\"https:\/\/www.beasturismo.es\/wp-content\/uploads\/2020\/09\/Ruta-del-Odiel-721x1024.jpg 721w, https:\/\/www.beasturismo.es\/wp-content\/uploads\/2020\/09\/Ruta-del-Odiel-211x300.jpg 211w, https:\/\/www.beasturismo.es\/wp-content\/uploads\/2020\/09\/Ruta-del-Odiel-768x1091.jpg 768w, https:\/\/www.beasturismo.es\/wp-content\/uploads\/2020\/09\/Ruta-del-Odiel-1081x1536.jpg 1081w, https:\/\/www.beasturismo.es\/wp-content\/uploads\/2020\/09\/Ruta-del-Odiel-1441x2048.jpg 1441w, https:\/\/www.beasturismo.es\/wp-content\/uploads\/2020\/09\/Ruta-del-Odiel-scaled.jpg 1802w\" sizes=\"auto, (max-width: 721px) 100vw, 721px\" \/>\t\t\t\t\t\t\t\t\t\t\t<\/p>\n<p><strong><br \/>Longitud:\u00a0<\/strong>\u00a0 \u00a0 \u00a0 \u00a0 \u00a0 \u00a0 \u00a0 \u00a0 \u00a0 7.5 Km<br \/><strong>Punto de Partida:<\/strong>\u00a0 \u00a0 \u00a0V\u00eda Verde Km 24.100<br \/><strong>Dificultad:\u00a0 \u00a0<\/strong>\u00a0 \u00a0 \u00a0 \u00a0 \u00a0 \u00a0 \u00a0 \u00a0Media-Alta<\/p>\n<p>A la altura del arenero situado en el Paraje de Puente, y en la misma v\u00eda verde, tiene su punto de partida esta ruta que nos llevar\u00e1 hasta el l\u00edmite del t\u00e9rmino municipal de Beas con Cala\u00f1as determinado por el r\u00edo Odiel.<\/p>\n<p>Siguiendo el sendero 300 mts aproximadamente nos encontraremos con el primer cruce de caminos y plantaciones de eucaliptos, escogiendo el camino central dejando 120 mts primero y a 300 mts despu\u00e9s dos caminos a la derecha.<\/p>\n<p>A lo largo del trayecto, y hasta llegar al final del recorrido, nos encontraremos con 3 caser\u00edos en el margen izquierdo. Al pasar el \u00faltimo de ellos continuaremos por una zona de arenas rojas y escasa vegetaci\u00f3n hasta llegar a otra de cortafuegos y terrazas, dejando a la derecha dos nuevos caminos.<\/p>\n<p>Seguiremos nuestra ruta por una acusada bajada desde la que divisaremos el r\u00edo Odiel, nuestro destino. Esta ruta presenta continuas bajadas y subidas en todo su recorrido.<\/p>\n","protected":false},"excerpt":{"rendered":"<p>Longitud:\u00a0\u00a0 \u00a0 \u00a0 \u00a0 \u00a0 \u00a0 \u00a0 \u00a0 \u00a0 7.5 KmPunto de Partida:\u00a0 \u00a0 \u00a0V\u00eda [&hellip;]<\/p>\n","protected":false},"author":2,"featured_media":0,"parent":0,"menu_order":0,"comment_status":"closed","ping_status":"closed","template":"","meta":{"footnotes":""},"class_list":["post-880","page","type-page","status-publish","hentry"],"jetpack_sharing_enabled":true,"_links":{"self":[{"href":"https:\/\/www.beasturismo.es\/index.php?rest_route=\/wp\/v2\/pages\/880","targetHints":{"allow":["GET"]}}],"collection":[{"href":"https:\/\/www.beasturismo.es\/index.php?rest_route=\/wp\/v2\/pages"}],"about":[{"href":"https:\/\/www.beasturismo.es\/index.php?rest_route=\/wp\/v2\/types\/page"}],"author":[{"embeddable":true,"href":"https:\/\/www.beasturismo.es\/index.php?rest_route=\/wp\/v2\/users\/2"}],"replies":[{"embeddable":true,"href":"https:\/\/www.beasturismo.es\/index.php?rest_route=%2Fwp%2Fv2%2Fcomments&post=880"}],"version-history":[{"count":2,"href":"https:\/\/www.beasturismo.es\/index.php?rest_route=\/wp\/v2\/pages\/880\/revisions"}],"predecessor-version":[{"id":942,"href":"https:\/\/www.beasturismo.es\/index.php?rest_route=\/wp\/v2\/pages\/880\/revisions\/942"}],"wp:attachment":[{"href":"https:\/\/www.beasturismo.es\/index.php?rest_route=%2Fwp%2Fv2%2Fmedia&parent=880"}],"curies":[{"name":"wp","href":"https:\/\/api.w.org\/{rel}","templated":true}]}}

<p><img loading="lazy" decoding="async" width="721" height="1024" src="https://www.beasturismo.es/wp-content/uploads/2020/09/Ruta-del-Odiel-721x1024.jpg" alt="" srcset="https://www.beasturismo.es/wp-content/uploads/2020/09/Ruta-del-Odiel-721x1024.jpg 721w, https://www.beasturismo.es/wp-content/uploads/2020/09/Ruta-del-Odiel-211x300.jpg 211w, https://www.beasturismo.es/wp-content/uploads/2020/09/Ruta-del-Odiel-768x1091.jpg 768w, https://www.beasturismo.es/wp-content/uploads/2020/09/Ruta-del-Odiel-1081x1536.jpg 1081w, https://www.beasturismo.es/wp-content/uploads/2020/09/Ruta-del-Odiel-1441x2048.jpg 1441w, https://www.beasturismo.es/wp-content/uploads/2020/09/Ruta-del-Odiel-scaled.jpg 1802w" sizes="auto, (max-width: 721px) 100vw, 721px" />											</p>
<p><strong><br />Longitud: </strong>                  7.5 Km<br /><strong>Punto de Partida:</strong>     Vía Verde Km 24.100<br /><strong>Dificultad:   </strong>               Media-Alta</p>
<p>A la altura del arenero situado en el Paraje de Puente, y en la misma vía verde, tiene su punto de partida esta ruta que nos llevará hasta el límite del término municipal de Beas con Calañas determinado por el río Odiel.</p>
<p>Siguiendo el sendero 300 mts aproximadamente nos encontraremos con el primer cruce de caminos y plantaciones de eucaliptos, escogiendo el camino central dejando 120 mts primero y a 300 mts después dos caminos a la derecha.</p>
<p>A lo largo del trayecto, y hasta llegar al final del recorrido, nos encontraremos con 3 caseríos en el margen izquierdo. Al pasar el último de ellos continuaremos por una zona de arenas rojas y escasa vegetación hasta llegar a otra de cortafuegos y terrazas, dejando a la derecha dos nuevos caminos.</p>
<p>Seguiremos nuestra ruta por una acusada bajada desde la que divisaremos el río Odiel, nuestro destino. Esta ruta presenta continuas bajadas y subidas en todo su recorrido.</p>

<p>Longitud:                   7.5 KmPunto de Partida:     Vía [&hellip;]</p>
