{"id":885,"date":"2020-09-03T16:12:29","date_gmt":"2020-09-03T16:12:29","guid":{"rendered":"https:\/\/www.beasturismo.es\/?page_id=885"},"modified":"2020-09-08T09:00:45","modified_gmt":"2020-09-08T09:00:45","slug":"ruta-de-la-casa-del-cura","status":"publish","type":"page","link":"https:\/\/www.beasturismo.es\/?page_id=885","title":{"rendered":"Ruta de la Casa del Cura"},"content":{"rendered":"<p><img loading=\"lazy\" decoding=\"async\" width=\"721\" height=\"1024\" src=\"https:\/\/www.beasturismo.es\/wp-content\/uploads\/2020\/09\/Ruta-de-la-Casa-del-Cura-721x1024.jpg\" alt=\"\" srcset=\"https:\/\/www.beasturismo.es\/wp-content\/uploads\/2020\/09\/Ruta-de-la-Casa-del-Cura-721x1024.jpg 721w, https:\/\/www.beasturismo.es\/wp-content\/uploads\/2020\/09\/Ruta-de-la-Casa-del-Cura-211x300.jpg 211w, https:\/\/www.beasturismo.es\/wp-content\/uploads\/2020\/09\/Ruta-de-la-Casa-del-Cura-768x1091.jpg 768w, https:\/\/www.beasturismo.es\/wp-content\/uploads\/2020\/09\/Ruta-de-la-Casa-del-Cura-1082x1536.jpg 1082w, https:\/\/www.beasturismo.es\/wp-content\/uploads\/2020\/09\/Ruta-de-la-Casa-del-Cura-1442x2048.jpg 1442w, https:\/\/www.beasturismo.es\/wp-content\/uploads\/2020\/09\/Ruta-de-la-Casa-del-Cura-scaled.jpg 1803w\" sizes=\"auto, (max-width: 721px) 100vw, 721px\" \/>\t\t\t\t\t\t\t\t\t\t\t<\/p>\n<p><strong><br \/>Longitud:\u00a0<\/strong>\u00a0 \u00a0 \u00a0 \u00a0 \u00a0 \u00a0 \u00a0 \u00a0 \u00a0 5.5 Km<br \/><strong>Punto de Partida:<\/strong>\u00a0 \u00a0 \u00a0Beas<br \/><strong>Dificultad:\u00a0 \u00a0<\/strong>\u00a0 \u00a0 \u00a0 \u00a0 \u00a0 \u00a0 \u00a0 \u00a0Baja<\/p>\n<p>Esta ruta tiene un car\u00e1cter totalmente urbano ya que est\u00e1 muy pr\u00f3xima a la localidad de Beas, desde donde tiene su punto de partida.\u00a0<\/p>\n<p>Salimos de la C\/. Fco Hidalgo donde giraremos, al llegar al camino, a la izquierda para circular por las traseras de la Barriada Blas Infante hasta llegar a la C\/. Maestro A. P\u00e9rez, en la que se encuentra el Colegio, el Instituo de Secundaria, el Pabell\u00f3n cubierto, el Parque y el Polideportivo (campo de f\u00fatbol) que dejamos a la izquierda para llegar a las primeras casas de la C\/. R\u00e1bida (antigua Vereda Alta). Giramos a la derecha y pasados unos 500 mts a la izquierda para bordear la Finca \u00abLa Pocilga\u00bb (dehesa de alcornoques, encinas y campos de olivares).<\/p>\n<p>En la siguiente intersecci\u00f3n continuaremos por el camino que llevamos para adentrarnos en un olivar al final del que giraremos, esta vez, a la derecha para encontrar un paisaje singular en el que se alternan pinos, matorral, monte bajo y olivo durante algo m\u00e1s de 500 mts para girar nuevamente a la izquierda y adentrarnos en otro olivar, donde divisaremos dos naves de cr\u00eda de pollos.<\/p>\n<p>LLegamos al cruce de caminos m\u00e1s pr\u00f3ximo a la C\/. R\u00e1bida d\u00f3nde giraremos a la derecha, seguiremos rodeados de olivar y tierras de cereal y girasol hasta el final de nuestra ruta en la trasera de la Barriada Blas Infante de Beas.<\/p>\n<p>\u00a0<\/p>\n","protected":false},"excerpt":{"rendered":"<p>Longitud:\u00a0\u00a0 \u00a0 \u00a0 \u00a0 \u00a0 \u00a0 \u00a0 \u00a0 \u00a0 5.5 KmPunto de Partida:\u00a0 \u00a0 \u00a0BeasDificultad:\u00a0 [&hellip;]<\/p>\n","protected":false},"author":2,"featured_media":0,"parent":0,"menu_order":0,"comment_status":"closed","ping_status":"closed","template":"","meta":{"footnotes":""},"class_list":["post-885","page","type-page","status-publish","hentry"],"jetpack_sharing_enabled":true,"_links":{"self":[{"href":"https:\/\/www.beasturismo.es\/index.php?rest_route=\/wp\/v2\/pages\/885","targetHints":{"allow":["GET"]}}],"collection":[{"href":"https:\/\/www.beasturismo.es\/index.php?rest_route=\/wp\/v2\/pages"}],"about":[{"href":"https:\/\/www.beasturismo.es\/index.php?rest_route=\/wp\/v2\/types\/page"}],"author":[{"embeddable":true,"href":"https:\/\/www.beasturismo.es\/index.php?rest_route=\/wp\/v2\/users\/2"}],"replies":[{"embeddable":true,"href":"https:\/\/www.beasturismo.es\/index.php?rest_route=%2Fwp%2Fv2%2Fcomments&post=885"}],"version-history":[{"count":2,"href":"https:\/\/www.beasturismo.es\/index.php?rest_route=\/wp\/v2\/pages\/885\/revisions"}],"predecessor-version":[{"id":950,"href":"https:\/\/www.beasturismo.es\/index.php?rest_route=\/wp\/v2\/pages\/885\/revisions\/950"}],"wp:attachment":[{"href":"https:\/\/www.beasturismo.es\/index.php?rest_route=%2Fwp%2Fv2%2Fmedia&parent=885"}],"curies":[{"name":"wp","href":"https:\/\/api.w.org\/{rel}","templated":true}]}}

<p><img loading="lazy" decoding="async" width="721" height="1024" src="https://www.beasturismo.es/wp-content/uploads/2020/09/Ruta-de-la-Casa-del-Cura-721x1024.jpg" alt="" srcset="https://www.beasturismo.es/wp-content/uploads/2020/09/Ruta-de-la-Casa-del-Cura-721x1024.jpg 721w, https://www.beasturismo.es/wp-content/uploads/2020/09/Ruta-de-la-Casa-del-Cura-211x300.jpg 211w, https://www.beasturismo.es/wp-content/uploads/2020/09/Ruta-de-la-Casa-del-Cura-768x1091.jpg 768w, https://www.beasturismo.es/wp-content/uploads/2020/09/Ruta-de-la-Casa-del-Cura-1082x1536.jpg 1082w, https://www.beasturismo.es/wp-content/uploads/2020/09/Ruta-de-la-Casa-del-Cura-1442x2048.jpg 1442w, https://www.beasturismo.es/wp-content/uploads/2020/09/Ruta-de-la-Casa-del-Cura-scaled.jpg 1803w" sizes="auto, (max-width: 721px) 100vw, 721px" />											</p>
<p><strong><br />Longitud: </strong>                  5.5 Km<br /><strong>Punto de Partida:</strong>     Beas<br /><strong>Dificultad:   </strong>               Baja</p>
<p>Esta ruta tiene un carácter totalmente urbano ya que está muy próxima a la localidad de Beas, desde donde tiene su punto de partida. </p>
<p>Salimos de la C/. Fco Hidalgo donde giraremos, al llegar al camino, a la izquierda para circular por las traseras de la Barriada Blas Infante hasta llegar a la C/. Maestro A. Pérez, en la que se encuentra el Colegio, el Instituo de Secundaria, el Pabellón cubierto, el Parque y el Polideportivo (campo de fútbol) que dejamos a la izquierda para llegar a las primeras casas de la C/. Rábida (antigua Vereda Alta). Giramos a la derecha y pasados unos 500 mts a la izquierda para bordear la Finca «La Pocilga» (dehesa de alcornoques, encinas y campos de olivares).</p>
<p>En la siguiente intersección continuaremos por el camino que llevamos para adentrarnos en un olivar al final del que giraremos, esta vez, a la derecha para encontrar un paisaje singular en el que se alternan pinos, matorral, monte bajo y olivo durante algo más de 500 mts para girar nuevamente a la izquierda y adentrarnos en otro olivar, donde divisaremos dos naves de cría de pollos.</p>
<p>LLegamos al cruce de caminos más próximo a la C/. Rábida dónde giraremos a la derecha, seguiremos rodeados de olivar y tierras de cereal y girasol hasta el final de nuestra ruta en la trasera de la Barriada Blas Infante de Beas.</p>
<p> </p>
